{"id":13577,"date":"2021-07-09T13:46:18","date_gmt":"2021-07-09T11:46:18","guid":{"rendered":"http:\/\/serveiseducatius.xtec.cat\/altemporda\/?page_id=13577"},"modified":"2026-03-25T14:34:20","modified_gmt":"2026-03-25T13:34:20","slug":"historic-de-forums-tdr","status":"publish","type":"page","link":"https:\/\/serveiseducatius.xtec.cat\/altemporda\/forum-de-treballs-de-recerca-ftr\/historic-de-forums-tdr\/","title":{"rendered":"Edicions anteriors"},"content":{"rendered":"\n<p>El <strong>F\u00f2rum de Treballs de Recerca de l&#8217;Alt Empord\u00e0<\/strong> \u00e9s una jornada amb uns <strong>objectius ben definits<\/strong>, i esdev\u00e9 una veritable <strong>festa del saber<\/strong> on els <strong>alumnes participants exposen el seu treball de recerca<\/strong> i se&#8217;ls <strong>obsequia<\/strong> amb una <strong>estatueta<\/strong> que simbolitza l&#8217;Empord\u00e0.<\/p>\n\n\n\n<p>El <strong>cartellisme<\/strong> tamb\u00e9 \u00e9s un dels trets singulars del F\u00f2rum de Treballs de Recerca de l\u2019Alt Empord\u00e0. Aquest \u00e9s <strong>elaborat pel professorat<\/strong>, i en <strong>algun cas per alumnat<\/strong>, dels respectius <strong>Departaments de visual i pl\u00e0stica de l\u2019institut que acull<\/strong> el F\u00f2rum. <span style=\"font-size: 12pt;\">Per tant, ens trobem davant d&#8217;un model organitzatiu de proximitat on es visibilitza, per damunt de tot, l&#8217;alumnat i el centre que acull el f\u00f2rum. <\/span><\/p>\n\n\n\n<hr class=\"wp-block-separator has-alpha-channel-opacity is-style-wide\"\/>\n\n\n\n<div class=\"fila;\" style=\"display: flex; align-items: center; justify-content: center;\">\n<div class=\"columna\" style=\"width: 20%;\"><a class=\"boto_taula\" style=\"color: #000000;\" href=\"https:\/\/serveiseducatius.xtec.cat\/altemporda\/forum-de-treballs-de-recerca-ftr\/objectius\/\" target=\"_blank\" rel=\"noopener noreferrer\"><span style=\"font-size: 12pt;\"><strong>Objectius<\/strong><\/span><\/a><\/div>\n<div class=\"columna\" style=\"width: 20%;\"><a class=\"boto_taula\" style=\"color: #000000;\" href=\"https:\/\/serveiseducatius.xtec.cat\/altemporda\/forum-de-treballs-de-recerca-ftr\/lestatueta\/\" target=\"_blank\" rel=\"noopener noreferrer\"><span style=\"font-size: 12pt;\"><strong>L&#8217;estatueta<\/strong><\/span><\/a><\/div>\n<div class=\"columna\" style=\"width: 20%;\"><a class=\"boto_taula\" style=\"color: #000000;\" href=\"https:\/\/serveiseducatius.xtec.cat\/altemporda\/forum-de-treballs-de-recerca-ftr\/cartellisme\/\" target=\"_blank\" rel=\"noopener noreferrer\"><span style=\"font-size: 12pt;\"><strong>Cartellisme<\/strong><\/span><\/a><\/div>\n<div class=\"columna\" style=\"width: 20%;\"><a class=\"boto_taula\" style=\"color: #000000;\" href=\"https:\/\/serveiseducatius.xtec.cat\/altemporda\/forum-de-treballs-de-recerca-ftr\/els-instituts-de-la-comarca\/\" target=\"_blank\" rel=\"noopener noreferrer\"><span style=\"font-size: 12pt;\"><strong>Els instituts<\/strong><\/span><\/a><\/div>\n<\/div>\n\n\n\n<h3 class=\"wp-block-heading\">&nbsp;<\/h3>\n\n\n\n<hr class=\"wp-block-separator has-alpha-channel-opacity is-style-wide\"\/>\n\n\n\n<p>&nbsp;<\/p>\n\n\n\n<p>En aquesta secci\u00f3 hi trobareu un recull, a tall d&#8217;homenatge, de tots els <strong>cartells de les edicions anteriors<\/strong> del F\u00f2rum de Treballs de Recerca de l&#8217;Alt Empord\u00e0. Seleccionant a cada cartell hi trobareu el llibret el F\u00f2rum, un recull fotogr\u00e0fic de l&#8217;acte i tamb\u00e9 tota la documentaci\u00f3 espec\u00edfica de l&#8217;edici\u00f3.<\/p>\n\n\n\n<div class=\"fila engrandeix img;\">\n\n<div class=\"columna\" style=\"width: 20%; text-align: center; font-size: 1em;\"><a href=\"https:\/\/serveiseducatius.xtec.cat\/altemporda\/forum-de-treballs-de-recerca-ftr\/historic-de-forums-tdr\/xv-forum-de-treballs-de-recerca-2025\/\" target=\"_blank\" rel=\"noopener noreferrer\"><img decoding=\"async\" style=\"border: 1px solid #555;\" src=\"https:\/\/serveiseducatius.xtec.cat\/altemporda\/wp-content\/uploads\/usu1156\/2025\/05\/Cartell-FTR-2025.png\" width=\"90%\" \/><\/a>2025<\/div>\n\n<div class=\"columna\" style=\"width: 20%; text-align: center; font-size: 1em;\"><a href=\"https:\/\/serveiseducatius.xtec.cat\/altemporda\/forum-de-treballs-de-recerca-ftr\/historic-de-forums-tdr\/xiv-forum-de-treballs-de-recerca-2024\/\" target=\"_blank\" rel=\"noopener noreferrer\"><img decoding=\"async\" style=\"border: 1px solid #555;\" src=\"https:\/\/serveiseducatius.xtec.cat\/altemporda\/wp-content\/uploads\/usu1156\/2024\/03\/Cartell-FTR-2024-scaled.jpg\" width=\"90%\" \/><\/a>2024<\/div>\n\n<div class=\"columna\" style=\"width: 20%; text-align: center; font-size: 1em;\"><a href=\"https:\/\/serveiseducatius.xtec.cat\/altemporda\/forum-de-treballs-de-recerca-ftr\/historic-de-forums-tdr\/xiii-forum-de-treballs-de-recerca-2023\/\" target=\"_blank\" rel=\"noopener noreferrer\"><img decoding=\"async\" style=\"border: 1px solid #555;\" src=\"https:\/\/serveiseducatius.xtec.cat\/altemporda\/wp-content\/uploads\/usu1156\/2024\/01\/Cartell-FTR-2023.png\" width=\"90%\" \/><\/a>2023<\/div>\n\n<div class=\"columna\" style=\"width: 20%; text-align: center; font-size: 1em;\"><a href=\"https:\/\/serveiseducatius.xtec.cat\/altemporda\/forum-de-treballs-de-recerca-ftr\/historic-de-forums-tdr\/xii-forum-de-treballs-de-recerca-2020\/\" target=\"_blank\" rel=\"noopener noreferrer\"><img decoding=\"async\" style=\"border: 1px solid #555;\" src=\"https:\/\/serveiseducatius.xtec.cat\/altemporda\/wp-content\/uploads\/usu1156\/2024\/01\/Cartell-FTR-2022.png\" width=\"90%\" \/><\/a>2022<\/div>\n\n<div class=\"columna\" style=\"width: 20%; text-align: center; font-size: 1em;\"><a href=\"https:\/\/serveiseducatius.xtec.cat\/altemporda\/forum-de-treballs-de-recerca-ftr\/historic-de-forums-tdr\/xi-forum-de-treballs-de-recerca-2019\/\" target=\"_blank\" rel=\"noopener noreferrer\"><img decoding=\"async\" style=\"border: 1px solid #555;\" src=\"https:\/\/serveiseducatius.xtec.cat\/altemporda\/wp-content\/uploads\/usu1156\/2024\/01\/Cartell-FTR-2019-.png\" width=\"90%\" \/><\/a>2019<\/div>\n<\/div>\n\n<div class=\"fila engrandeix img;\">\n\n<div class=\"columna\" style=\"width: 20%; text-align: center; font-size: 1em;\"><a href=\"https:\/\/serveiseducatius.xtec.cat\/altemporda\/forum-de-treballs-de-recerca-ftr\/historic-de-forums-tdr\/x-forum-de-treballs-de-recerca-2018\/\" target=\"_blank\" rel=\"noopener noreferrer\"><img decoding=\"async\" style=\"border: 1px solid #555;\" src=\"https:\/\/serveiseducatius.xtec.cat\/altemporda\/wp-content\/uploads\/usu1156\/2024\/01\/Cartell-FTR-2018.png\" width=\"90%\" \/><\/a>2018<\/div>\n\n<div class=\"columna\" style=\"width: 20%; text-align: center; font-size: 1em;\"><a href=\"https:\/\/serveiseducatius.xtec.cat\/altemporda\/forum-de-treballs-de-recerca-ftr\/historic-de-forums-tdr\/ix-forum-de-treballs-de-recerca-2017\/\" target=\"_blank\" rel=\"noopener noreferrer\"><img decoding=\"async\" style=\"border: 1px solid #555;\" src=\"https:\/\/serveiseducatius.xtec.cat\/altemporda\/wp-content\/uploads\/usu1156\/2024\/01\/Cartell-FTR-2017.png\" width=\"90%\" \/><\/a>2017<\/div>\n\n<div class=\"columna\" style=\"width: 20%; text-align: center; font-size: 1em;\"><a href=\"https:\/\/serveiseducatius.xtec.cat\/altemporda\/forum-de-treballs-de-recerca-ftr\/historic-de-forums-tdr\/viii-forum-de-treballs-de-recerca-2016\/\" target=\"_blank\" rel=\"noopener noreferrer\"><img decoding=\"async\" style=\"border: 1px solid #555;\" src=\"https:\/\/serveiseducatius.xtec.cat\/altemporda\/wp-content\/uploads\/usu1156\/2024\/01\/Cartell-FTR-2016.png\" width=\"90%\" \/><\/a>2016<\/div>\n\n<div class=\"columna\" style=\"width: 20%; text-align: center; font-size: 1em;\"><a href=\"https:\/\/serveiseducatius.xtec.cat\/altemporda\/forum-de-treballs-de-recerca-ftr\/historic-de-forums-tdr\/vii-forum-de-treballs-de-recerca-2015\/\" target=\"_blank\" rel=\"noopener noreferrer\"><img decoding=\"async\" style=\"border: 1px solid #555;\" src=\"https:\/\/serveiseducatius.xtec.cat\/altemporda\/wp-content\/uploads\/usu1156\/2024\/01\/Cartell-FTR-2015.jpg\" width=\"90%\" \/><\/a>2015<\/div>\n\n<div class=\"columna\" style=\"width: 20%; text-align: center; font-size: 1em;\"><a href=\"https:\/\/serveiseducatius.xtec.cat\/altemporda\/forum-de-treballs-de-recerca-ftr\/historic-de-forums-tdr\/vi-forum-de-treballs-de-recerca-2014\/\" target=\"_blank\" rel=\"noopener noreferrer\"><img decoding=\"async\" style=\"border: 1px solid #555;\" src=\"https:\/\/serveiseducatius.xtec.cat\/altemporda\/wp-content\/uploads\/usu1156\/2024\/01\/Cartell-FTR-2014.jpg\" width=\"90%\" \/><\/a>2014<\/div>\n<\/div>\n\n<div class=\"fila engrandeix img;\">\n\n<div class=\"columna\" style=\"width: 20%; text-align: center; font-size: 1em;\"><a href=\"https:\/\/serveiseducatius.xtec.cat\/altemporda\/forum-de-treballs-de-recerca-ftr\/historic-de-forums-tdr\/v-forum-de-treballs-de-recerca-2013\/\" target=\"_blank\" rel=\"noopener noreferrer\"><img decoding=\"async\" style=\"border: 1px solid #555;\" src=\"https:\/\/serveiseducatius.xtec.cat\/altemporda\/wp-content\/uploads\/usu1156\/2024\/01\/Cartell-FTR-2013.png\" width=\"90%\" \/><\/a>2013<\/div>\n\n<div class=\"columna\" style=\"width: 20%; text-align: center; font-size: 1em;\"><a href=\"https:\/\/serveiseducatius.xtec.cat\/altemporda\/forum-de-treballs-de-recerca-ftr\/historic-de-forums-tdr\/v-forum-de-treballs-de-recerca-2012\/\" target=\"_blank\" rel=\"noopener noreferrer\"><img decoding=\"async\" style=\"border: 1px solid #555;\" src=\"https:\/\/serveiseducatius.xtec.cat\/altemporda\/wp-content\/uploads\/usu1156\/2024\/01\/Cartell-FTR-2012.jpg\" width=\"90%\" \/><\/a>2012<\/div>\n\n<div class=\"columna\" style=\"width: 20%; text-align: center; font-size: 1em;\"><a href=\"https:\/\/serveiseducatius.xtec.cat\/altemporda\/forum-de-treballs-de-recerca-ftr\/historic-de-forums-tdr\/iii-forum-de-treballs-de-recerca-2011\/\" target=\"_blank\" rel=\"noopener noreferrer\"><img decoding=\"async\" style=\"border: 1px solid #555;\" src=\"https:\/\/serveiseducatius.xtec.cat\/altemporda\/wp-content\/uploads\/usu1156\/2024\/01\/Cartell-FTR-2011.png\" width=\"90%\" \/><\/a>2011<\/div>\n\n<div class=\"columna\" style=\"width: 20%; text-align: center; font-size: 1em;\"><a href=\"https:\/\/serveiseducatius.xtec.cat\/altemporda\/forum-de-treballs-de-recerca-ftr\/historic-de-forums-tdr\/ii-forum-de-treballs-de-recerca-2010\/\" target=\"_blank\" rel=\"noopener noreferrer\"><img decoding=\"async\" style=\"border: 1px solid #555;\" src=\"https:\/\/serveiseducatius.xtec.cat\/altemporda\/wp-content\/uploads\/usu1156\/2024\/01\/Cartell-FTR-2010.png\" width=\"90%\" \/><\/a>2010<\/div>\n\n<div class=\"columna\" style=\"width: 20%; text-align: center; font-size: 1em;\"><a href=\"https:\/\/serveiseducatius.xtec.cat\/altemporda\/forum-de-treballs-de-recerca-ftr\/historic-de-forums-tdr\/i-forum-de-treballs-de-recerca-2009\/\" target=\"_blank\" rel=\"noopener noreferrer\"><img decoding=\"async\" style=\"border: 1px solid #555;\" src=\"https:\/\/serveiseducatius.xtec.cat\/altemporda\/wp-content\/uploads\/usu1156\/2024\/01\/Cartell-FTR-2009.png\" width=\"90%\" \/><\/a>2009<\/div>\n\n<\/div>\n\n\n\n<figure class=\"wp-block-image aligncenter\" style=\"margin-top:var(--wp--preset--spacing--50);margin-bottom:var(--wp--preset--spacing--50)\"><a href=\"https:\/\/serveiseducatius.xtec.cat\/altemporda\/wp-content\/uploads\/usu1156\/2022\/10\/customLogo.png\"><img loading=\"lazy\" decoding=\"async\" width=\"950\" height=\"258\" src=\"https:\/\/serveiseducatius.xtec.cat\/altemporda\/wp-content\/uploads\/usu1156\/2022\/10\/customLogo.png\" alt=\"\" class=\"wp-image-18291\" srcset=\"https:\/\/serveiseducatius.xtec.cat\/altemporda\/wp-content\/uploads\/usu1156\/2022\/10\/customLogo.png 950w, https:\/\/serveiseducatius.xtec.cat\/altemporda\/wp-content\/uploads\/usu1156\/2022\/10\/customLogo-300x81.png 300w, https:\/\/serveiseducatius.xtec.cat\/altemporda\/wp-content\/uploads\/usu1156\/2022\/10\/customLogo-768x209.png 768w\" sizes=\"auto, (max-width: 950px) 100vw, 950px\" \/><\/a><\/figure>\n","protected":false},"excerpt":{"rendered":"<p>El F\u00f2rum de Treballs de Recerca de l&#8217;Alt Empord\u00e0 \u00e9s una jornada amb uns objectius ben definits, i esdev\u00e9 una veritable festa del saber on els alumnes participants exposen el seu treball de recerca i se&#8217;ls obsequia amb una estatueta que simbolitza l&#8217;Empord\u00e0. El cartellisme tamb\u00e9 \u00e9s un dels trets singulars del F\u00f2rum de Treballs [&hellip;]<\/p>\n","protected":false},"author":4,"featured_media":0,"parent":13343,"menu_order":0,"comment_status":"closed","ping_status":"closed","template":"","meta":{"_bbp_topic_count":0,"_bbp_reply_count":0,"_bbp_total_topic_count":0,"_bbp_total_reply_count":0,"_bbp_voice_count":0,"_bbp_anonymous_reply_count":0,"_bbp_topic_count_hidden":0,"_bbp_reply_count_hidden":0,"_bbp_forum_subforum_count":0,"site-sidebar-layout":"default","site-content-layout":"","ast-site-content-layout":"default","site-content-style":"default","site-sidebar-style":"default","ast-global-header-display":"","ast-banner-title-visibility":"","ast-main-header-display":"","ast-hfb-above-header-display":"","ast-hfb-below-header-display":"","ast-hfb-mobile-header-display":"","site-post-title":"","ast-breadcrumbs-content":"","ast-featured-img":"","footer-sml-layout":"","theme-transparent-header-meta":"","adv-header-id-meta":"","stick-header-meta":"","header-above-stick-meta":"","header-main-stick-meta":"","header-below-stick-meta":"","astra-migrate-meta-layouts":"set","ast-page-background-enabled":"default","ast-page-background-meta":{"desktop":{"background-color":"var(--ast-global-color-4)","background-image":"","background-repeat":"repeat","background-position":"center center","background-size":"auto","background-attachment":"scroll","background-type":"","background-media":"","overlay-type":"","overlay-color":"","overlay-opacity":"","overlay-gradient":""},"tablet":{"background-color":"","background-image":"","background-repeat":"repeat","background-position":"center center","background-size":"auto","background-attachment":"scroll","background-type":"","background-media":"","overlay-type":"","overlay-color":"","overlay-opacity":"","overlay-gradient":""},"mobile":{"background-color":"","background-image":"","background-repeat":"repeat","background-position":"center center","background-size":"auto","background-attachment":"scroll","background-type":"","background-media":"","overlay-type":"","overlay-color":"","overlay-opacity":"","overlay-gradient":""}},"ast-content-background-meta":{"desktop":{"background-color":"var(--ast-global-color-5)","background-image":"","background-repeat":"repeat","background-position":"center center","background-size":"auto","background-attachment":"scroll","background-type":"","background-media":"","overlay-type":"","overlay-color":"","overlay-opacity":"","overlay-gradient":""},"tablet":{"background-color":"var(--ast-global-color-5)","background-image":"","background-repeat":"repeat","background-position":"center center","background-size":"auto","background-attachment":"scroll","background-type":"","background-media":"","overlay-type":"","overlay-color":"","overlay-opacity":"","overlay-gradient":""},"mobile":{"background-color":"var(--ast-global-color-5)","background-image":"","background-repeat":"repeat","background-position":"center center","background-size":"auto","background-attachment":"scroll","background-type":"","background-media":"","overlay-type":"","overlay-color":"","overlay-opacity":"","overlay-gradient":""}},"footnotes":""},"class_list":["post-13577","page","type-page","status-publish","hentry"],"post_mailing_queue_ids":[],"_links":{"self":[{"href":"https:\/\/serveiseducatius.xtec.cat\/altemporda\/wp-json\/wp\/v2\/pages\/13577","targetHints":{"allow":["GET"]}}],"collection":[{"href":"https:\/\/serveiseducatius.xtec.cat\/altemporda\/wp-json\/wp\/v2\/pages"}],"about":[{"href":"https:\/\/serveiseducatius.xtec.cat\/altemporda\/wp-json\/wp\/v2\/types\/page"}],"author":[{"embeddable":true,"href":"https:\/\/serveiseducatius.xtec.cat\/altemporda\/wp-json\/wp\/v2\/users\/4"}],"replies":[{"embeddable":true,"href":"https:\/\/serveiseducatius.xtec.cat\/altemporda\/wp-json\/wp\/v2\/comments?post=13577"}],"version-history":[{"count":5,"href":"https:\/\/serveiseducatius.xtec.cat\/altemporda\/wp-json\/wp\/v2\/pages\/13577\/revisions"}],"predecessor-version":[{"id":27514,"href":"https:\/\/serveiseducatius.xtec.cat\/altemporda\/wp-json\/wp\/v2\/pages\/13577\/revisions\/27514"}],"up":[{"embeddable":true,"href":"https:\/\/serveiseducatius.xtec.cat\/altemporda\/wp-json\/wp\/v2\/pages\/13343"}],"wp:attachment":[{"href":"https:\/\/serveiseducatius.xtec.cat\/altemporda\/wp-json\/wp\/v2\/media?parent=13577"}],"curies":[{"name":"wp","href":"https:\/\/api.w.org\/{rel}","templated":true}]}}