{"id":12789,"date":"2021-03-24T13:52:29","date_gmt":"2021-03-24T12:52:29","guid":{"rendered":"http:\/\/serveiseducatius.xtec.cat\/altemporda\/?page_id=12789"},"modified":"2022-02-17T12:02:43","modified_gmt":"2022-02-17T11:02:43","slug":"maleta-pantalles-ci","status":"publish","type":"page","link":"https:\/\/serveiseducatius.xtec.cat\/altemporda\/pantalles\/maleta-pantalles-ci\/","title":{"rendered":"Maleta Pantalles: Prim\u00e0ria (CI)"},"content":{"rendered":"<p style=\"text-align: justify;\"><a href=\"https:\/\/serveiseducatius.xtec.cat\/altemporda\/wp-content\/uploads\/usu1156\/2021\/04\/20210408_120518-01.jpeg\"><img loading=\"lazy\" decoding=\"async\" class=\" wp-image-12899 alignleft\" src=\"https:\/\/serveiseducatius.xtec.cat\/altemporda\/wp-content\/uploads\/usu1156\/2021\/04\/20210408_120518-01-960x1024.jpeg\" alt=\"\" width=\"309\" height=\"330\" srcset=\"https:\/\/serveiseducatius.xtec.cat\/altemporda\/wp-content\/uploads\/usu1156\/2021\/04\/20210408_120518-01-960x1024.jpeg 960w, https:\/\/serveiseducatius.xtec.cat\/altemporda\/wp-content\/uploads\/usu1156\/2021\/04\/20210408_120518-01-281x300.jpeg 281w, https:\/\/serveiseducatius.xtec.cat\/altemporda\/wp-content\/uploads\/usu1156\/2021\/04\/20210408_120518-01-768x819.jpeg 768w\" sizes=\"auto, (max-width: 309px) 100vw, 309px\" \/><\/a><\/p>\n<p><span style=\"font-weight: 400;\">Les pantalles encanten als infants i, a nosaltres, els adults. Els infants reclamen utilitzar-les m\u00e9s temps i, nosaltres, els adults, cada cop les fem servir m\u00e9s.<\/span><\/p>\n<p><span style=\"font-weight: 400;\">La situaci\u00f3 de pand\u00e8mia ha incrementat l\u2019\u00fas de les pantalles, per\u00f2 cal anar amb compte perqu\u00e8 malgrat que s\u00f3n eines molt \u00fatils, tamb\u00e9 s\u00f3n addictives i sense adonar-nos ens estan generant molta depend\u00e8ncia.<\/span><\/p>\n<p><span style=\"font-weight: 400;\">Sempre parlem que els pares s\u00f3n els responsables de controlar el temps d\u2019exposici\u00f3 dels seus fills i filles davant de les pantalles i s\u00f3n qui han de posar unes normes i uns l\u00edmits adequats i coherents. Per\u00f2, qui posa els l\u00edmits als pares? Sovint oblidem que nosaltres, els adults, som el model de refer\u00e8ncia per als nostres fills i filles, especialment en edats primerenques.<\/span><\/p>\n<p><span style=\"font-weight: 400;\">La maleta <em>Pantalles\u00a0<\/em>neix amb l\u2019objectiu de fer reflexionar sobre l\u2019\u00fas que fan els mateixos pares de les pantalles i d\u2019aquesta manera q\u00fcestionar-se si cal introduir algun canvi en l\u2019\u00e0mbit familiar. xxxxxf<\/span><\/p>\n<p><a class=\"boto250px\" style=\"color: #000000;\" href=\"https:\/\/www.mediateca.cat\/altemporda\/recurs\/maleta-pantalles\/\" target=\"_blank\" rel=\"noopener noreferrer\"><span style=\"font-size: 14pt;\"><strong>Reserva la maleta<\/strong><\/span><\/a><\/p>\n<p style=\"text-align: justify;\">La maleta cont\u00e9 25 contes i est\u00e0 pensada per treballar-la a cicle inicial, tot i que els contes tamb\u00e9 poden ser adequats per a Educaci\u00f3 Infantil (P5).<\/p>\n<p style=\"text-align: justify;\">Hem volgut plantejar una maleta que permeti que cada alumne\/a pugui emportar-se un conte a casa per llegir-lo en fam\u00edlia. La maleta t\u00e9 13 unitats del conte <em>Desconnectats<\/em> i 12 del conte <em>Pantalles i molt m\u00e9s<\/em>.<\/p>\n<div class=\"fila;\">\n<div class=\"columna\" style=\"width: 33%;\"><a href=\"https:\/\/docs.google.com\/document\/d\/1vPv0-l-XhW6aDa6XVRlo0SVz2fIO103YHV-MNN9cbHk\/preview?usp=sharing\"><img decoding=\"async\" src=\"https:\/\/serveiseducatius.xtec.cat\/altemporda\/wp-content\/uploads\/usu1156\/2021\/04\/Desconnectats-2.png\" alt=\"\" width=\"90%\" \/><\/a><\/div>\n<div class=\"columna\" style=\"width: 33%;\"><a href=\"https:\/\/docs.google.com\/document\/d\/1nlZwYla-ADteIR18mvZOh-badW5Tp_nmvAxVdmedKMg\/preview?usp=sharing\" target=\"_blank\" rel=\"noopener noreferrer\"><img decoding=\"async\" class=\"alignnone\" src=\"https:\/\/serveiseducatius.xtec.cat\/altemporda\/wp-content\/uploads\/usu1156\/2021\/04\/pantalles-i-molt-mes-web.jpg\" alt=\"\" width=\"90%\" \/><\/a><\/div>\n<div class=\"columna\" style=\"width: 33%;\"><a href=\"https:\/\/docs.google.com\/document\/d\/1N-aFHiIXykyg0j_D14qiiF0aTlThUwkwFicskFvLtg8\/edit?usp=sharing\" target=\"_blank\" rel=\"noopener noreferrer\"><img decoding=\"async\" class=\"alignnone\" src=\"https:\/\/serveiseducatius.xtec.cat\/altemporda\/wp-content\/uploads\/usu1156\/2021\/04\/quan-la-tecnologia.jpg\" alt=\"\" width=\"90%\" \/><\/a><\/div>\n<p><br clear=\"all\" \/><b>COM PODEM TREBALLAR LA MALETA?<\/b><\/p>\n<p>A continuaci\u00f3 us presentem algunes propostes:<\/p>\n<ol>\n<li style=\"font-weight: 400; text-align: justify;\" aria-level=\"1\"><strong><span style=\"color: #18ad92;\">Presentaci\u00f3 a l\u2019aula dels contes de la maleta<\/span><\/strong><i><span style=\"font-weight: 400;\">\u00a0Desconnectats<\/span><\/i><span style=\"font-weight: 400;\"> i <\/span><i><span style=\"font-weight: 400;\">Pantalles i molt m\u00e9s<\/span><\/i><span style=\"font-weight: 400;\">, a partir de les propostes que trobareu a la p\u00e0gina web (cliqueu les imatges dels contes). Es poden fer les activitats \u201cd\u2019abans de la lectura\u201d amb l\u2019objectiu de motivar, fomentar l\u2019inter\u00e8s per la lectura, fer una primera aproximaci\u00f3 i descoberta dels llibres i de primeres hip\u00f2tesis sobre el seu contingut.<\/span><\/li>\n<li style=\"font-weight: 400; text-align: justify;\" aria-level=\"1\"><span style=\"font-weight: 400;\"><strong><span style=\"color: #18ad92;\">Lectura a casa<\/span><\/strong>. Es repartiran els contes a l\u2019alumnat perqu\u00e8 els puguin llegir amb la fam\u00edlia. Recomanem, si \u00e9s possible, que la primera lectura la faci l\u2019adult. Algunes fam\u00edlies poden descon\u00e8ixer la llengua catalana, per\u00f2 poden comentar les il\u00b7lustracions del conte que aporten molta informaci\u00f3 i s\u00f3n molt significatives.\u00a0 Es pot fer una segona lectura a c\u00e0rrec del nen o nena.<\/span><\/li>\n<li style=\"font-weight: 400; text-align: justify;\" aria-level=\"1\"><span style=\"font-weight: 400;\">\u00c9s important recordar al nen o nena que la fam\u00edlia pot llegir la guia que es troba al final del conte amb consells i recomanacions.<\/span><\/li>\n<li style=\"font-weight: 400; text-align: justify;\" aria-level=\"1\"><span style=\"font-weight: 400;\"><strong><span style=\"color: #18ad92;\">Fitxa complement\u00e0ria<\/span><\/strong>.\u00a0 La maleta cont\u00e9 la <strong><a href=\"https:\/\/docs.google.com\/document\/d\/12nf2rJFkO8MV2FJiz6Tg2Jh-SDH4uH-iO_lGhZBgU7g\/edit\" target=\"_blank\" rel=\"noopener noreferrer\">fitxa <em>Estem molt connectats a les pantalles?<\/em><\/a><\/strong> que, en forma de petit joc, proposa reflexionar sobre les accions quotidianes relacionades amb l\u2019\u00fas de les pantalles. Podeu fer la lectura a l\u2019alumnat de les 10 situacions que presenta i tamb\u00e9 \u00e9s interessant que tamb\u00e9 feu el joc vosaltres.<\/span><\/li>\n<li style=\"font-weight: 400; text-align: justify;\" aria-level=\"1\"><span style=\"font-weight: 400;\">Un cop feta la lectura del conte amb la fam\u00edlia, el nen o nena omplir\u00e0 la fitxa conjuntament amb els seus pares i retornaran el conte i la fitxa a l\u2019escola.<\/span><\/li>\n<li style=\"font-weight: 400; text-align: justify;\" aria-level=\"1\"><span style=\"font-weight: 400;\"><strong><span style=\"color: #18ad92;\">A l\u2019aula<\/span><\/strong>, es poden fer les activitats de \u201cdespr\u00e9s de la lectura\u201d a partir de les propostes que trobareu a la p\u00e0gina web (cliqueu les imatges dels contes), amb l\u2019objectiu de reflexionar sobre el contingut dels contes llegits.<\/span><\/li>\n<li style=\"font-weight: 400; text-align: justify;\" aria-level=\"1\"><span style=\"font-weight: 400;\">Tamb\u00e9 es pot aprofitar per <strong><span style=\"color: #18ad92;\">treballar els gr\u00e0fics<\/span><\/strong> a partir de la informaci\u00f3 recollida sobre les fam\u00edlies.<\/span><\/li>\n<\/ol>\n<ul>\n<li style=\"font-weight: 400; text-align: justify;\" aria-level=\"1\">Podeu fer grups de 4 alumnes per fer una primera an\u00e0lisi de les dades amb el suport de la <a href=\"https:\/\/docs.google.com\/document\/d\/1ZDt6LmBgsEMjWxQjmLAQ_dV5OZn7SDHZgZYbvMnp9G8\/edit\" target=\"_blank\" rel=\"noopener noreferrer\"><strong>fitxa<\/strong> <em><strong>Recollim les dades!<\/strong> <\/em><\/a>C<span style=\"font-weight: 400;\">ada grup recollir\u00e0 la informaci\u00f3 a partir de les fitxes que han omplert a casa amb les seves fam\u00edlies.<\/span><\/li>\n<li style=\"font-weight: 400; text-align: justify;\" aria-level=\"1\">A partir d\u2019aquesta taula podran representar les dades num\u00e8riques en format de gr\u00e0fic de barres. Podem oferir material perqu\u00e8 facin la representaci\u00f3 abans de passar-ho sobre paper. Alguns materials que us poden anar b\u00e9 s\u00f3n les unitats de fusta, els policubs o amb el propi cos.<\/li>\n<\/ul>\n<div class=\"fila;\">\n<div class=\"columna\" style=\"width: 15%;\"><\/div>\n<div class=\"columna\" style=\"width: 33%;\"><a href=\"https:\/\/serveiseducatius.xtec.cat\/altemporda\/wp-content\/uploads\/usu1156\/2021\/04\/unitats-fusta.jpg\"><img decoding=\"async\" class=\"aligncenter\" src=\"https:\/\/serveiseducatius.xtec.cat\/altemporda\/wp-content\/uploads\/usu1156\/2021\/04\/unitats-fusta.jpg\" alt=\"\" width=\"90%\" \/><\/a><\/div>\n<div class=\"columna\" style=\"width: 33%;\"><a href=\"https:\/\/serveiseducatius.xtec.cat\/altemporda\/wp-content\/uploads\/usu1156\/2021\/04\/policubs.png\" target=\"_blank\" rel=\"noopener noreferrer\"><img decoding=\"async\" class=\"aligncenter\" src=\"https:\/\/serveiseducatius.xtec.cat\/altemporda\/wp-content\/uploads\/usu1156\/2021\/04\/policubs.png\" alt=\"\" width=\"90%\" \/><\/a><\/div>\n<div class=\"columna\" style=\"width: 18%;\"><\/div>\n<\/div>\n<p>&nbsp;<\/p>\n<ul>\n<li style=\"text-align: justify;\"><span style=\"font-weight: 400;\">Cada grup pot fer la representaci\u00f3 amb paper quadriculat o utilitzar el seg\u00fcent <\/span><a href=\"https:\/\/docs.google.com\/document\/d\/1jRKwNlLine8xHFHpwYOHAT6YN4zTxyQIFAw42FR6Xzs\/edit\" target=\"_blank\" rel=\"noopener noreferrer\"><span style=\"font-weight: 400;\">gr\u00e0fic<\/span><\/a><span style=\"font-weight: 400;\">.<\/span><\/li>\n<li style=\"text-align: justify;\"><span style=\"font-weight: 400;\">Es pot fer un gr\u00e0fic conjunt amb totes les dades dels grups. La mestra anir\u00e0 anotant a la pissarra les dades de cada grup i es far\u00e0 un mural amb el gr\u00e0fic de les respostes de totes les fam\u00edlies. <\/span>Es far\u00e0 la interpretaci\u00f3 del gr\u00e0fic i es far\u00e0 el retorn de les conclusions a casa. Podeu utilitzar la <a href=\"https:\/\/docs.google.com\/document\/d\/1wPPWcihsuJUCTi7M72Q71vo6m3umgOUC7Fk1osXDLmQ\/edit\" target=\"_blank\" rel=\"noopener noreferrer\">fitxa <em>Interpretem el gr\u00e0fic de la\u00a0 classe<\/em><\/a>.<\/li>\n<li style=\"text-align: justify;\">Si no es vol fer aquest treball previ en petit grup, es pot passar directament a fer el mural amb el gr\u00e0fic de les respostes de totes les fam\u00edlies. Podeu utilitzar les il\u00b7lustracions del gr\u00e0fic del grups per fer el mural o buscar-ne d\u2019altres.<\/li>\n<\/ul>\n<\/div>\n<p><a class=\"boto250px\" style=\"color: #000000;\" href=\"https:\/\/drive.google.com\/file\/d\/1EVS26Y4i0KitxHGh8HhGPdVWtdYPL6yM\/view?usp=sharing\" target=\"_blank\" rel=\"noopener noreferrer\"><span style=\"font-size: 14pt;\"><strong>DESCARREGAR MATERIAL<\/strong><\/span><\/a><\/p>\n","protected":false},"excerpt":{"rendered":"<p>Les pantalles encanten als infants i, a nosaltres, els adults. Els infants reclamen utilitzar-les m\u00e9s temps i, nosaltres, els adults, cada cop les fem servir m\u00e9s. La situaci\u00f3 de pand\u00e8mia ha incrementat l\u2019\u00fas de les pantalles, per\u00f2 cal anar amb compte perqu\u00e8 malgrat que s\u00f3n eines molt \u00fatils, tamb\u00e9 s\u00f3n addictives i sense adonar-nos ens [&hellip;]<\/p>\n","protected":false},"author":4,"featured_media":0,"parent":12763,"menu_order":0,"comment_status":"closed","ping_status":"closed","template":"","meta":{"_bbp_topic_count":0,"_bbp_reply_count":0,"_bbp_total_topic_count":0,"_bbp_total_reply_count":0,"_bbp_voice_count":0,"_bbp_anonymous_reply_count":0,"_bbp_topic_count_hidden":0,"_bbp_reply_count_hidden":0,"_bbp_forum_subforum_count":0,"site-sidebar-layout":"default","site-content-layout":"","ast-site-content-layout":"","site-content-style":"default","site-sidebar-style":"default","ast-global-header-display":"","ast-banner-title-visibility":"","ast-main-header-display":"","ast-hfb-above-header-display":"","ast-hfb-below-header-display":"","ast-hfb-mobile-header-display":"","site-post-title":"","ast-breadcrumbs-content":"","ast-featured-img":"","footer-sml-layout":"","theme-transparent-header-meta":"","adv-header-id-meta":"","stick-header-meta":"","header-above-stick-meta":"","header-main-stick-meta":"","header-below-stick-meta":"","astra-migrate-meta-layouts":"default","ast-page-background-enabled":"default","ast-page-background-meta":{"desktop":{"background-color":"var(--ast-global-color-4)","background-image":"","background-repeat":"repeat","background-position":"center center","background-size":"auto","background-attachment":"scroll","background-type":"","background-media":"","overlay-type":"","overlay-color":"","overlay-opacity":"","overlay-gradient":""},"tablet":{"background-color":"","background-image":"","background-repeat":"repeat","background-position":"center center","background-size":"auto","background-attachment":"scroll","background-type":"","background-media":"","overlay-type":"","overlay-color":"","overlay-opacity":"","overlay-gradient":""},"mobile":{"background-color":"","background-image":"","background-repeat":"repeat","background-position":"center center","background-size":"auto","background-attachment":"scroll","background-type":"","background-media":"","overlay-type":"","overlay-color":"","overlay-opacity":"","overlay-gradient":""}},"ast-content-background-meta":{"desktop":{"background-color":"var(--ast-global-color-5)","background-image":"","background-repeat":"repeat","background-position":"center center","background-size":"auto","background-attachment":"scroll","background-type":"","background-media":"","overlay-type":"","overlay-color":"","overlay-opacity":"","overlay-gradient":""},"tablet":{"background-color":"var(--ast-global-color-5)","background-image":"","background-repeat":"repeat","background-position":"center center","background-size":"auto","background-attachment":"scroll","background-type":"","background-media":"","overlay-type":"","overlay-color":"","overlay-opacity":"","overlay-gradient":""},"mobile":{"background-color":"var(--ast-global-color-5)","background-image":"","background-repeat":"repeat","background-position":"center center","background-size":"auto","background-attachment":"scroll","background-type":"","background-media":"","overlay-type":"","overlay-color":"","overlay-opacity":"","overlay-gradient":""}},"footnotes":""},"class_list":["post-12789","page","type-page","status-publish","hentry"],"post_mailing_queue_ids":[],"_links":{"self":[{"href":"https:\/\/serveiseducatius.xtec.cat\/altemporda\/wp-json\/wp\/v2\/pages\/12789","targetHints":{"allow":["GET"]}}],"collection":[{"href":"https:\/\/serveiseducatius.xtec.cat\/altemporda\/wp-json\/wp\/v2\/pages"}],"about":[{"href":"https:\/\/serveiseducatius.xtec.cat\/altemporda\/wp-json\/wp\/v2\/types\/page"}],"author":[{"embeddable":true,"href":"https:\/\/serveiseducatius.xtec.cat\/altemporda\/wp-json\/wp\/v2\/users\/4"}],"replies":[{"embeddable":true,"href":"https:\/\/serveiseducatius.xtec.cat\/altemporda\/wp-json\/wp\/v2\/comments?post=12789"}],"version-history":[{"count":3,"href":"https:\/\/serveiseducatius.xtec.cat\/altemporda\/wp-json\/wp\/v2\/pages\/12789\/revisions"}],"predecessor-version":[{"id":12967,"href":"https:\/\/serveiseducatius.xtec.cat\/altemporda\/wp-json\/wp\/v2\/pages\/12789\/revisions\/12967"}],"up":[{"embeddable":true,"href":"https:\/\/serveiseducatius.xtec.cat\/altemporda\/wp-json\/wp\/v2\/pages\/12763"}],"wp:attachment":[{"href":"https:\/\/serveiseducatius.xtec.cat\/altemporda\/wp-json\/wp\/v2\/media?parent=12789"}],"curies":[{"name":"wp","href":"https:\/\/api.w.org\/{rel}","templated":true}]}}