{"id":12082,"date":"2021-01-24T10:57:34","date_gmt":"2021-01-24T09:57:34","guid":{"rendered":"http:\/\/serveiseducatius.xtec.cat\/altemporda\/?page_id=12082"},"modified":"2024-10-17T11:29:36","modified_gmt":"2024-10-17T09:29:36","slug":"el-poder-de-la-literatura-infantil-i-juvenil","status":"publish","type":"page","link":"https:\/\/serveiseducatius.xtec.cat\/altemporda\/coeducacio\/maleta-lila\/el-poder-de-la-literatura-infantil-i-juvenil\/","title":{"rendered":"El poder de la literatura infantil i juvenil"},"content":{"rendered":"<p style=\"text-align: justify;\"><span style=\"font-weight: 400;\"><a href=\"https:\/\/serveiseducatius.xtec.cat\/altemporda\/wp-content\/uploads\/usu1156\/2021\/03\/IMG-20210209-WA0017-01.jpeg\"><img loading=\"lazy\" decoding=\"async\" class=\"wp-image-12646 alignleft\" src=\"https:\/\/serveiseducatius.xtec.cat\/altemporda\/wp-content\/uploads\/usu1156\/2021\/03\/IMG-20210209-WA0017-01.jpeg\" alt=\"\" width=\"428\" height=\"350\" srcset=\"https:\/\/serveiseducatius.xtec.cat\/altemporda\/wp-content\/uploads\/usu1156\/2021\/03\/IMG-20210209-WA0017-01.jpeg 768w, https:\/\/serveiseducatius.xtec.cat\/altemporda\/wp-content\/uploads\/usu1156\/2021\/03\/IMG-20210209-WA0017-01-300x245.jpeg 300w\" sizes=\"auto, (max-width: 428px) 100vw, 428px\" \/><\/a>La lectura ens fa gaudir, somiar, imaginar, crear\u2026 A trav\u00e9s de la lectura descobrim nous mons i viv\u00e8ncies que ens aporten estones plaents i estimulants, i, alhora, ens ajuda a cr\u00e9ixer personalment.<\/span><\/p>\n<p style=\"text-align: justify;\"><span style=\"font-weight: 400;\">La literatura infantil i juvenil \u00e9s una font inesgotable per la imaginaci\u00f3 i la creaci\u00f3, per\u00f2 tamb\u00e9 t\u00e9 un important potencial educatiu. Els infants a trav\u00e9s de la lectura s\u2019identifiquen amb els personatges, aprenen dels conflictes que es plantegen i de com es resolen, adquireixen nous coneixements i diferents punts de vista. D\u2019aquesta manera van interioritzant valors, comportaments i actituds que aniran configurant la seva identitat.<\/span><\/p>\n<p style=\"text-align: justify;\"><span style=\"font-weight: 400;\">Afortunadament, la societat va avan\u00e7ant i tot i que encara ens queda per rec\u00f3rrer un gran cam\u00ed, cada cop es fa m\u00e9s present la diversitat d&#8217;identitats, les diferents formes de relacions afectivosexuals i els models de conviv\u00e8ncia i de fam\u00edlies heterogenis.<\/span><\/p>\n<p style=\"text-align: justify;\"><span style=\"font-weight: 400;\">Els estereotips de g\u00e8nere condicionen les creences, l\u2019aspecte f\u00edsic, les formes de ser, les emocions, els rols i les relacions.\u00a0\u00a0<\/span><\/p>\n<p style=\"text-align: justify;\"><span style=\"font-weight: 400;\">Com a docents hem de contribuir a qu\u00e8 l\u2019alumnat pugui construir la seva identitat amb independ\u00e8ncia dels estereotips de g\u00e8nere presents a la societat. <\/span><span style=\"font-weight: 400;\">La literatura infantil <\/span><span style=\"font-weight: 400;\">\u00e9s una bona eina per trencar amb els prejudicis i clix\u00e9s estereotipats sobre la identitat de g\u00e8nere i ens ofereix l\u2019oportunitat d\u2019ampliar la visi\u00f3 del m\u00f3n basada en la igualtat, el respecte, la llibertat i la no viol\u00e8ncia.\u00a0<\/span><\/p>\n<p style=\"text-align: justify;\"><span style=\"font-weight: 400;\">La dualitat mascul\u00ed\/femen\u00ed no permet tenir en compte m\u00faltiples construccions identit\u00e0ries. I aqu\u00ed trobem una de les principals dificultats de la coeducaci\u00f3:\u00a0<\/span><\/p>\n<p style=\"text-align: justify;\"><span style=\"font-weight: 400;\">Els contes i els relats estan carregats de significats, de valors, de creences que marcaran la configuraci\u00f3 de la seva identitat i la forma d\u2019entendre el m\u00f3n i de relacionar-se. La nostra responsabilitat com a docents \u00e9s oferir lectures que transmetin hist\u00f2ries de vida que siguin actuals, que estiguin presents a la nostra societat i que fomentin valors coeducadors. Hem d\u2019anar incorporant nous t\u00edtols a les biblioteques d\u2019aula i escolars amb criteris no sexistes i inclusius.<\/span><\/p>\n<p style=\"text-align: justify;\"><span style=\"font-weight: 400;\">A trav\u00e9s dels contes i de la literatura socialitzem, inculquem creences i patrons socials, transmetem pautes d\u2019actuaci\u00f3, legitimem rols i oferim models d&#8217;identificaci\u00f3 afectiva i emocional.<\/span><\/p>\n<p style=\"text-align: justify;\"><span style=\"font-weight: 400;\">Cal fer un acompanyament lector que estimuli les preguntes, que q\u00fcestioni els estereotips de g\u00e8nere, que fomenti l\u2019empatia i la gesti\u00f3 emocional, que posi en relleu els referents femenins, que faci visibles les diferents orientacions sexuals i els nous models de masculinitat,\u00a0 i\u00a0 que en definitiva desenvolupi l\u2019esperit cr\u00edtic.<\/span><\/p>\n<p style=\"text-align: justify;\"><span style=\"font-weight: 400;\">Com a docents hem d\u2019assumir la responsabilitat que tenim davant de l\u2019alumnat i vetllar per no reproduir estereotips de g\u00e8nere ni refermar desigualtats, cal que reflexionem cr\u00edticament i oferim diferents materials que mostrin altres models de relacions, altres realitats que potser s\u00f3n diferents a les del seu entorn, per\u00f2 que cal fer visibles per fomentar una societat m\u00e9s equitativa i inclusiva.<\/span><\/p>\n<hr \/>\n<p><img loading=\"lazy\" decoding=\"async\" class=\"size-medium wp-image-13264 alignleft\" src=\"https:\/\/serveiseducatius.xtec.cat\/altemporda\/wp-content\/uploads\/usu1156\/2021\/05\/logo-pacto-estado-violencia-genero-ministerio-igualdad-300x59.png\" alt=\"\" width=\"300\" height=\"59\" srcset=\"https:\/\/serveiseducatius.xtec.cat\/altemporda\/wp-content\/uploads\/usu1156\/2021\/05\/logo-pacto-estado-violencia-genero-ministerio-igualdad-300x59.png 300w, https:\/\/serveiseducatius.xtec.cat\/altemporda\/wp-content\/uploads\/usu1156\/2021\/05\/logo-pacto-estado-violencia-genero-ministerio-igualdad.png 761w\" sizes=\"auto, (max-width: 300px) 100vw, 300px\" \/><\/p>\n","protected":false},"excerpt":{"rendered":"<p>La lectura ens fa gaudir, somiar, imaginar, crear\u2026 A trav\u00e9s de la lectura descobrim nous mons i viv\u00e8ncies que ens aporten estones plaents i estimulants, i, alhora, ens ajuda a cr\u00e9ixer personalment. La literatura infantil i juvenil \u00e9s una font inesgotable per la imaginaci\u00f3 i la creaci\u00f3, per\u00f2 tamb\u00e9 t\u00e9 un important potencial educatiu. Els [&hellip;]<\/p>\n","protected":false},"author":71,"featured_media":0,"parent":12071,"menu_order":1,"comment_status":"closed","ping_status":"closed","template":"","meta":{"_bbp_topic_count":0,"_bbp_reply_count":0,"_bbp_total_topic_count":0,"_bbp_total_reply_count":0,"_bbp_voice_count":0,"_bbp_anonymous_reply_count":0,"_bbp_topic_count_hidden":0,"_bbp_reply_count_hidden":0,"_bbp_forum_subforum_count":0,"site-sidebar-layout":"default","site-content-layout":"","ast-site-content-layout":"","site-content-style":"default","site-sidebar-style":"default","ast-global-header-display":"","ast-banner-title-visibility":"","ast-main-header-display":"","ast-hfb-above-header-display":"","ast-hfb-below-header-display":"","ast-hfb-mobile-header-display":"","site-post-title":"","ast-breadcrumbs-content":"","ast-featured-img":"","footer-sml-layout":"","theme-transparent-header-meta":"","adv-header-id-meta":"","stick-header-meta":"","header-above-stick-meta":"","header-main-stick-meta":"","header-below-stick-meta":"","astra-migrate-meta-layouts":"default","ast-page-background-enabled":"default","ast-page-background-meta":{"desktop":{"background-color":"var(--ast-global-color-4)","background-image":"","background-repeat":"repeat","background-position":"center center","background-size":"auto","background-attachment":"scroll","background-type":"","background-media":"","overlay-type":"","overlay-color":"","overlay-opacity":"","overlay-gradient":""},"tablet":{"background-color":"","background-image":"","background-repeat":"repeat","background-position":"center center","background-size":"auto","background-attachment":"scroll","background-type":"","background-media":"","overlay-type":"","overlay-color":"","overlay-opacity":"","overlay-gradient":""},"mobile":{"background-color":"","background-image":"","background-repeat":"repeat","background-position":"center center","background-size":"auto","background-attachment":"scroll","background-type":"","background-media":"","overlay-type":"","overlay-color":"","overlay-opacity":"","overlay-gradient":""}},"ast-content-background-meta":{"desktop":{"background-color":"var(--ast-global-color-5)","background-image":"","background-repeat":"repeat","background-position":"center center","background-size":"auto","background-attachment":"scroll","background-type":"","background-media":"","overlay-type":"","overlay-color":"","overlay-opacity":"","overlay-gradient":""},"tablet":{"background-color":"var(--ast-global-color-5)","background-image":"","background-repeat":"repeat","background-position":"center center","background-size":"auto","background-attachment":"scroll","background-type":"","background-media":"","overlay-type":"","overlay-color":"","overlay-opacity":"","overlay-gradient":""},"mobile":{"background-color":"var(--ast-global-color-5)","background-image":"","background-repeat":"repeat","background-position":"center center","background-size":"auto","background-attachment":"scroll","background-type":"","background-media":"","overlay-type":"","overlay-color":"","overlay-opacity":"","overlay-gradient":""}},"footnotes":""},"class_list":["post-12082","page","type-page","status-publish","hentry"],"post_mailing_queue_ids":[],"_links":{"self":[{"href":"https:\/\/serveiseducatius.xtec.cat\/altemporda\/wp-json\/wp\/v2\/pages\/12082","targetHints":{"allow":["GET"]}}],"collection":[{"href":"https:\/\/serveiseducatius.xtec.cat\/altemporda\/wp-json\/wp\/v2\/pages"}],"about":[{"href":"https:\/\/serveiseducatius.xtec.cat\/altemporda\/wp-json\/wp\/v2\/types\/page"}],"author":[{"embeddable":true,"href":"https:\/\/serveiseducatius.xtec.cat\/altemporda\/wp-json\/wp\/v2\/users\/71"}],"replies":[{"embeddable":true,"href":"https:\/\/serveiseducatius.xtec.cat\/altemporda\/wp-json\/wp\/v2\/comments?post=12082"}],"version-history":[{"count":4,"href":"https:\/\/serveiseducatius.xtec.cat\/altemporda\/wp-json\/wp\/v2\/pages\/12082\/revisions"}],"predecessor-version":[{"id":13290,"href":"https:\/\/serveiseducatius.xtec.cat\/altemporda\/wp-json\/wp\/v2\/pages\/12082\/revisions\/13290"}],"up":[{"embeddable":true,"href":"https:\/\/serveiseducatius.xtec.cat\/altemporda\/wp-json\/wp\/v2\/pages\/12071"}],"wp:attachment":[{"href":"https:\/\/serveiseducatius.xtec.cat\/altemporda\/wp-json\/wp\/v2\/media?parent=12082"}],"curies":[{"name":"wp","href":"https:\/\/api.w.org\/{rel}","templated":true}]}}

<p style="text-align: justify;"><span style="font-weight: 400;"><a href="https://serveiseducatius.xtec.cat/altemporda/wp-content/uploads/usu1156/2021/03/IMG-20210209-WA0017-01.jpeg"><img loading="lazy" decoding="async" class="wp-image-12646 alignleft" src="https://serveiseducatius.xtec.cat/altemporda/wp-content/uploads/usu1156/2021/03/IMG-20210209-WA0017-01.jpeg" alt="" width="428" height="350" srcset="https://serveiseducatius.xtec.cat/altemporda/wp-content/uploads/usu1156/2021/03/IMG-20210209-WA0017-01.jpeg 768w, https://serveiseducatius.xtec.cat/altemporda/wp-content/uploads/usu1156/2021/03/IMG-20210209-WA0017-01-300x245.jpeg 300w" sizes="auto, (max-width: 428px) 100vw, 428px" /></a>La lectura ens fa gaudir, somiar, imaginar, crear… A través de la lectura descobrim nous mons i vivències que ens aporten estones plaents i estimulants, i, alhora, ens ajuda a créixer personalment.</span></p>
<p style="text-align: justify;"><span style="font-weight: 400;">La literatura infantil i juvenil és una font inesgotable per la imaginació i la creació, però també té un important potencial educatiu. Els infants a través de la lectura s’identifiquen amb els personatges, aprenen dels conflictes que es plantegen i de com es resolen, adquireixen nous coneixements i diferents punts de vista. D’aquesta manera van interioritzant valors, comportaments i actituds que aniran configurant la seva identitat.</span></p>
<p style="text-align: justify;"><span style="font-weight: 400;">Afortunadament, la societat va avançant i tot i que encara ens queda per recórrer un gran camí, cada cop es fa més present la diversitat d&#8217;identitats, les diferents formes de relacions afectivosexuals i els models de convivència i de famílies heterogenis.</span></p>
<p style="text-align: justify;"><span style="font-weight: 400;">Els estereotips de gènere condicionen les creences, l’aspecte físic, les formes de ser, les emocions, els rols i les relacions.  </span></p>
<p style="text-align: justify;"><span style="font-weight: 400;">Com a docents hem de contribuir a què l’alumnat pugui construir la seva identitat amb independència dels estereotips de gènere presents a la societat. </span><span style="font-weight: 400;">La literatura infantil </span><span style="font-weight: 400;">és una bona eina per trencar amb els prejudicis i clixés estereotipats sobre la identitat de gènere i ens ofereix l’oportunitat d’ampliar la visió del món basada en la igualtat, el respecte, la llibertat i la no violència. </span></p>
<p style="text-align: justify;"><span style="font-weight: 400;">La dualitat masculí/femení no permet tenir en compte múltiples construccions identitàries. I aquí trobem una de les principals dificultats de la coeducació: </span></p>
<p style="text-align: justify;"><span style="font-weight: 400;">Els contes i els relats estan carregats de significats, de valors, de creences que marcaran la configuració de la seva identitat i la forma d’entendre el món i de relacionar-se. La nostra responsabilitat com a docents és oferir lectures que transmetin històries de vida que siguin actuals, que estiguin presents a la nostra societat i que fomentin valors coeducadors. Hem d’anar incorporant nous títols a les biblioteques d’aula i escolars amb criteris no sexistes i inclusius.</span></p>
<p style="text-align: justify;"><span style="font-weight: 400;">A través dels contes i de la literatura socialitzem, inculquem creences i patrons socials, transmetem pautes d’actuació, legitimem rols i oferim models d&#8217;identificació afectiva i emocional.</span></p>
<p style="text-align: justify;"><span style="font-weight: 400;">Cal fer un acompanyament lector que estimuli les preguntes, que qüestioni els estereotips de gènere, que fomenti l’empatia i la gestió emocional, que posi en relleu els referents femenins, que faci visibles les diferents orientacions sexuals i els nous models de masculinitat,  i  que en definitiva desenvolupi l’esperit crític.</span></p>
<p style="text-align: justify;"><span style="font-weight: 400;">Com a docents hem d’assumir la responsabilitat que tenim davant de l’alumnat i vetllar per no reproduir estereotips de gènere ni refermar desigualtats, cal que reflexionem críticament i oferim diferents materials que mostrin altres models de relacions, altres realitats que potser són diferents a les del seu entorn, però que cal fer visibles per fomentar una societat més equitativa i inclusiva.</span></p>
<hr />
<p><img loading="lazy" decoding="async" class="size-medium wp-image-13264 alignleft" src="https://serveiseducatius.xtec.cat/altemporda/wp-content/uploads/usu1156/2021/05/logo-pacto-estado-violencia-genero-ministerio-igualdad-300x59.png" alt="" width="300" height="59" srcset="https://serveiseducatius.xtec.cat/altemporda/wp-content/uploads/usu1156/2021/05/logo-pacto-estado-violencia-genero-ministerio-igualdad-300x59.png 300w, https://serveiseducatius.xtec.cat/altemporda/wp-content/uploads/usu1156/2021/05/logo-pacto-estado-violencia-genero-ministerio-igualdad.png 761w" sizes="auto, (max-width: 300px) 100vw, 300px" /></p>

<p>La lectura ens fa gaudir, somiar, imaginar, crear… A través de la lectura descobrim nous mons i vivències que ens aporten estones plaents i estimulants, i, alhora, ens ajuda a créixer personalment. La literatura infantil i juvenil és una font inesgotable per la imaginació i la creació, però també té un important potencial educatiu. Els [&hellip;]</p>
