{"id":9642,"date":"2020-04-23T15:48:56","date_gmt":"2020-04-23T13:48:56","guid":{"rendered":"http:\/\/serveiseducatius.xtec.cat\/altcamp\/?page_id=9642"},"modified":"2020-04-24T16:22:57","modified_gmt":"2020-04-24T14:22:57","slug":"trastorns-especifics-daprenentatge-en-la-lectura-i-escriptura-dislexia-guies-i-recursos","status":"publish","type":"page","link":"https:\/\/serveiseducatius.xtec.cat\/altcamp\/intervencio-educativa\/trastorns-que-condicionen-laprenentatge\/trastorns-especifics-daprenentatge-en-la-lectura-i-escriptura-dislexia-guies-i-recursos\/","title":{"rendered":"Trastorns d&#8217;aprenentatge en la lectoescriptura"},"content":{"rendered":"<p><strong>Guies i recursos<\/strong><\/p>\n<table style=\"width: 796px; border-style: none; height: 346px;\">\n<tbody>\n<tr style=\"height: 96px;\">\n<td style=\"height: 96px; width: 792px;\">\n<ul>\n<li class=\"entry-title\">La disl\u00e8xia: detecci\u00f3 i actuaci\u00f3 en l\u2019\u00e0mbit educatiu (Departament d&#8217;Educaci\u00f3 de la Generalitat de Catalunya)<br \/>\n<a href=\"http:\/\/xtec.gencat.cat\/web\/.content\/alfresco\/d\/d\/workspace\/SpacesStore\/0057\/78d86f2b-8e9e-45e3-ad9e-4641658865ff\/dislexiainfpri.pdf\" target=\"_blank\" rel=\"noopener noreferrer\">Guia Infantil i prim\u00e0ria \/ <\/a><a href=\"http:\/\/xtec.gencat.cat\/web\/.content\/alfresco\/d\/d\/workspace\/SpacesStore\/0046\/483a6539-df05-4969-ab94-2dd4ff3a5233\/dislexia-eso.pdf\" target=\"_blank\" rel=\"noopener noreferrer\">Guia ESO \/ <\/a><a href=\"http:\/\/xtec.gencat.cat\/web\/.content\/alfresco\/d\/d\/workspace\/SpacesStore\/0007\/2aeb252b-6a47-40bc-80b0-381d7342a640\/dislexiacfibatx.pdf\" target=\"_blank\" rel=\"noopener noreferrer\">Guia Batxillerat<\/a><\/li>\n<\/ul>\n<\/td>\n<\/tr>\n<tr style=\"height: 77px;\">\n<td style=\"height: 77px; width: 792px;\">\n<ul>\n<li>Protocols de detecci\u00f3n i actuaci\u00f3n amo la dislexia (Prodiscat)<br \/>\n<a href=\"http:\/\/trivium.cat\/wp-content\/uploads\/2018\/11\/PRODISCAT_P5.pdf\" target=\"_blank\" rel=\"noopener noreferrer\">Infantil<\/a> \/<a href=\"http:\/\/trivium.cat\/wp-content\/uploads\/2018\/11\/PRODISCAT_1r_2n.pdf\" target=\"_blank\" rel=\"noopener noreferrer\">Cicle Inicial<\/a> \/ <a href=\"http:\/\/trivium.cat\/wp-content\/uploads\/2018\/11\/PRODISCAT_3er_4art.pdf\" target=\"_blank\" rel=\"noopener noreferrer\">Cicle mitj\u00e0<\/a> \/ <a href=\"http:\/\/trivium.cat\/wp-content\/uploads\/2018\/11\/PRODISCAT_5e_6e.pdf\" target=\"_blank\" rel=\"noopener noreferrer\">Cicle superior<\/a> \/ <a href=\"http:\/\/trivium.cat\/wp-content\/uploads\/2018\/11\/PRODISCAT_ESO.pdf\" target=\"_blank\" rel=\"noopener noreferrer\">ESO<\/a> \/ <a href=\"http:\/\/trivium.cat\/wp-content\/uploads\/2018\/11\/PRODISCAT_BATX.pdf\" target=\"_blank\" rel=\"noopener noreferrer\">BAT i Cicles Formatius<\/a><\/li>\n<\/ul>\n<\/td>\n<\/tr>\n<tr style=\"height: 77px;\">\n<td style=\"height: 77px; width: 792px;\">\n<ul>\n<li><a href=\"https:\/\/www.educarex.es\/pub\/cont\/com\/0004\/documentos\/GUIA_TTNOS_LENGUAJE_ORAL_ESCRITO.pdf\" target=\"_blank\" rel=\"noopener noreferrer\">Gu\u00eda para la Atenci\u00f3n Educativa del Alumnado con Trastornos del Lenguaje Oral y Escrito<\/a><br \/>\nConsejer\u00eda de Educaci\u00f3n, Ciencia y Tecnolog\u00eda de la Junta de Extremadura<\/li>\n<\/ul>\n<\/td>\n<\/tr>\n<tr>\n<td style=\"width: 792px;\">\n<ul>\n<li><span style=\"font-size: 14px;\"><a href=\"http:\/\/mestreacasa.gva.es\/c\/document_library\/get_file?folderId=500016649685&amp;name=DLFE-1111922.pdf\" target=\"_blank\" rel=\"noopener noreferrer\">Dificultat espec\u00edfica de l\u2019aprenentatge de la lectura: una guia per a la comunitat educativa<\/a><\/span><span style=\"font-family: inherit; font-size: 1em;\"><br \/>\nConselleria d\u2019Educaci\u00f3, Investigaci\u00f3, Cultura i Esport de la Generalitat Valenciana<\/span><\/li>\n<\/ul>\n<\/td>\n<\/tr>\n<\/tbody>\n<\/table>\n<p><img loading=\"lazy\" decoding=\"async\" class=\"alignnone wp-image-9643\" src=\"https:\/\/serveiseducatius.xtec.cat\/altcamp\/wp-content\/uploads\/usu1130\/2020\/04\/pexels-photo-316466-1024x683.jpeg\" alt=\"\" width=\"800\" height=\"533\" srcset=\"https:\/\/serveiseducatius.xtec.cat\/altcamp\/wp-content\/uploads\/usu1130\/2020\/04\/pexels-photo-316466-1024x683.jpeg 1024w, https:\/\/serveiseducatius.xtec.cat\/altcamp\/wp-content\/uploads\/usu1130\/2020\/04\/pexels-photo-316466-300x200.jpeg 300w, https:\/\/serveiseducatius.xtec.cat\/altcamp\/wp-content\/uploads\/usu1130\/2020\/04\/pexels-photo-316466-768x512.jpeg 768w, https:\/\/serveiseducatius.xtec.cat\/altcamp\/wp-content\/uploads\/usu1130\/2020\/04\/pexels-photo-316466.jpeg 1125w\" sizes=\"auto, (max-width: 800px) 100vw, 800px\" \/><\/p>\n","protected":false},"excerpt":{"rendered":"<p>Guies i recursos La disl\u00e8xia: detecci\u00f3 i actuaci\u00f3 en l\u2019\u00e0mbit educatiu (Departament d&#8217;Educaci\u00f3 de la Generalitat de Catalunya) Guia Infantil i prim\u00e0ria \/ Guia ESO \/ Guia Batxillerat Protocols de detecci\u00f3n i actuaci\u00f3n amo la dislexia (Prodiscat) Infantil \/Cicle Inicial \/ Cicle mitj\u00e0 \/ Cicle superior \/ ESO \/ BAT i Cicles Formatius Gu\u00eda para [&hellip;]<\/p>\n","protected":false},"author":4,"featured_media":0,"parent":9625,"menu_order":0,"comment_status":"closed","ping_status":"closed","template":"","meta":{"_bbp_topic_count":0,"_bbp_reply_count":0,"_bbp_total_topic_count":0,"_bbp_total_reply_count":0,"_bbp_voice_count":0,"_bbp_anonymous_reply_count":0,"_bbp_topic_count_hidden":0,"_bbp_reply_count_hidden":0,"_bbp_forum_subforum_count":0,"site-sidebar-layout":"default","site-content-layout":"","ast-site-content-layout":"","site-content-style":"default","site-sidebar-style":"default","ast-global-header-display":"","ast-banner-title-visibility":"","ast-main-header-display":"","ast-hfb-above-header-display":"","ast-hfb-below-header-display":"","ast-hfb-mobile-header-display":"","site-post-title":"","ast-breadcrumbs-content":"","ast-featured-img":"","footer-sml-layout":"","theme-transparent-header-meta":"","adv-header-id-meta":"","stick-header-meta":"","header-above-stick-meta":"","header-main-stick-meta":"","header-below-stick-meta":"","astra-migrate-meta-layouts":"default","ast-page-background-enabled":"default","ast-page-background-meta":{"desktop":{"background-color":"var(--ast-global-color-4)","background-image":"","background-repeat":"repeat","background-position":"center center","background-size":"auto","background-attachment":"scroll","background-type":"","background-media":"","overlay-type":"","overlay-color":"","overlay-opacity":"","overlay-gradient":""},"tablet":{"background-color":"","background-image":"","background-repeat":"repeat","background-position":"center center","background-size":"auto","background-attachment":"scroll","background-type":"","background-media":"","overlay-type":"","overlay-color":"","overlay-opacity":"","overlay-gradient":""},"mobile":{"background-color":"","background-image":"","background-repeat":"repeat","background-position":"center center","background-size":"auto","background-attachment":"scroll","background-type":"","background-media":"","overlay-type":"","overlay-color":"","overlay-opacity":"","overlay-gradient":""}},"ast-content-background-meta":{"desktop":{"background-color":"var(--ast-global-color-5)","background-image":"","background-repeat":"repeat","background-position":"center center","background-size":"auto","background-attachment":"scroll","background-type":"","background-media":"","overlay-type":"","overlay-color":"","overlay-opacity":"","overlay-gradient":""},"tablet":{"background-color":"var(--ast-global-color-5)","background-image":"","background-repeat":"repeat","background-position":"center center","background-size":"auto","background-attachment":"scroll","background-type":"","background-media":"","overlay-type":"","overlay-color":"","overlay-opacity":"","overlay-gradient":""},"mobile":{"background-color":"var(--ast-global-color-5)","background-image":"","background-repeat":"repeat","background-position":"center center","background-size":"auto","background-attachment":"scroll","background-type":"","background-media":"","overlay-type":"","overlay-color":"","overlay-opacity":"","overlay-gradient":""}},"footnotes":""},"class_list":["post-9642","page","type-page","status-publish","hentry"],"post_mailing_queue_ids":[],"_links":{"self":[{"href":"https:\/\/serveiseducatius.xtec.cat\/altcamp\/wp-json\/wp\/v2\/pages\/9642","targetHints":{"allow":["GET"]}}],"collection":[{"href":"https:\/\/serveiseducatius.xtec.cat\/altcamp\/wp-json\/wp\/v2\/pages"}],"about":[{"href":"https:\/\/serveiseducatius.xtec.cat\/altcamp\/wp-json\/wp\/v2\/types\/page"}],"author":[{"embeddable":true,"href":"https:\/\/serveiseducatius.xtec.cat\/altcamp\/wp-json\/wp\/v2\/users\/4"}],"replies":[{"embeddable":true,"href":"https:\/\/serveiseducatius.xtec.cat\/altcamp\/wp-json\/wp\/v2\/comments?post=9642"}],"version-history":[{"count":4,"href":"https:\/\/serveiseducatius.xtec.cat\/altcamp\/wp-json\/wp\/v2\/pages\/9642\/revisions"}],"predecessor-version":[{"id":9659,"href":"https:\/\/serveiseducatius.xtec.cat\/altcamp\/wp-json\/wp\/v2\/pages\/9642\/revisions\/9659"}],"up":[{"embeddable":true,"href":"https:\/\/serveiseducatius.xtec.cat\/altcamp\/wp-json\/wp\/v2\/pages\/9625"}],"wp:attachment":[{"href":"https:\/\/serveiseducatius.xtec.cat\/altcamp\/wp-json\/wp\/v2\/media?parent=9642"}],"curies":[{"name":"wp","href":"https:\/\/api.w.org\/{rel}","templated":true}]}}