{"id":18474,"date":"2025-11-24T13:44:30","date_gmt":"2025-11-24T12:44:30","guid":{"rendered":"https:\/\/serveiseducatius.xtec.cat\/altcamp\/?page_id=18474"},"modified":"2026-02-17T11:56:22","modified_gmt":"2026-02-17T10:56:22","slug":"i-jornada-renovacio-i-innovacio-pedagogiques-a-catalunya-present-i-futur","status":"publish","type":"page","link":"https:\/\/serveiseducatius.xtec.cat\/altcamp\/i-jornada-renovacio-i-innovacio-pedagogiques-a-catalunya-present-i-futur\/","title":{"rendered":"I Jornada renovaci\u00f3 i innovaci\u00f3 pedag\u00f2giques a Catalunya: present i futur"},"content":{"rendered":"<p data-start=\"38\" data-end=\"200\"><a href=\"https:\/\/serveiseducatius.xtec.cat\/altcamp\/wp-content\/uploads\/usu1130\/2025\/11\/2.png\"><img loading=\"lazy\" decoding=\"async\" class=\"alignnone wp-image-18733 aligncenter\" src=\"https:\/\/serveiseducatius.xtec.cat\/altcamp\/wp-content\/uploads\/usu1130\/2025\/12\/Green-White-Modern-Minimalist-Wedding-Invitation-Facebook-Post-4.jpg\" alt=\"\" width=\"271\" height=\"227\" srcset=\"https:\/\/serveiseducatius.xtec.cat\/altcamp\/wp-content\/uploads\/usu1130\/2025\/12\/Green-White-Modern-Minimalist-Wedding-Invitation-Facebook-Post-4.jpg 940w, https:\/\/serveiseducatius.xtec.cat\/altcamp\/wp-content\/uploads\/usu1130\/2025\/12\/Green-White-Modern-Minimalist-Wedding-Invitation-Facebook-Post-4-300x251.jpg 300w, https:\/\/serveiseducatius.xtec.cat\/altcamp\/wp-content\/uploads\/usu1130\/2025\/12\/Green-White-Modern-Minimalist-Wedding-Invitation-Facebook-Post-4-768x644.jpg 768w\" sizes=\"auto, (max-width: 271px) 100vw, 271px\" \/><\/a><strong data-start=\"38\" data-end=\"198\">El dissabte 21 de febrer de 2026, a <a href=\"https:\/\/www.google.com\/maps\/place\/\/data=!4m2!3m1!1s0x12a40062eade37ad:0x701ea188b5d00c67?sa=X&amp;ved=1t:8290&amp;ictx=111\" target=\"_blank\" rel=\"noopener\">Ca Xapes<\/a>, de Valls, el CRP de l\u2019Alt Camp celebrar\u00e0 una jornada dedicada a la renovaci\u00f3 i la innovaci\u00f3 pedag\u00f2gica a Catalunya: present i futur.<\/strong><\/p>\n<p data-start=\"202\" data-end=\"438\">La trobada inclour\u00e0 una aproximaci\u00f3 a la figura d\u2019<strong data-start=\"252\" data-end=\"266\">Eladi Homs Oller<\/strong>, un dels grans referents de la renovaci\u00f3 pedag\u00f2gica al nostre pa\u00eds, aix\u00ed com una mirada actual a les l\u00ednies que orienten els processos de transformaci\u00f3 educativa d\u2019avui.<\/p>\n<p data-start=\"520\" data-end=\"645\">Ser\u00e0 una oportunitat per reflexionar, situar-nos pedag\u00f2gicament i continuar avan\u00e7ant cap a una educaci\u00f3 m\u00e9s justa i significativa.<\/p>\n<h5><strong>PROGRAMA DE LA JORNADA<\/strong><\/h5>\n<hr \/>\n<p><strong>Horari mat\u00ed: de 9:00 h a 13:30 h<br \/>\n<\/strong><strong>Adre\u00e7a: <\/strong><a style=\"font-size: 16px; background-color: #ffffff;\" tabindex=\"0\" href=\"https:\/\/www.google.com\/maps\/place\/\/data=!4m2!3m1!1s0x12a40062eade37ad:0x701ea188b5d00c67?sa=X&amp;ved=1t:8290&amp;ictx=111\" target=\"_blank\" rel=\"noopener\" data-url=\"\/maps\/place\/\/data=!4m2!3m1!1s0x12a40062eade37ad:0x701ea188b5d00c67?sa=X&amp;ved=2ahUKEwiD97_At5SRAxX8Q0EAHZPYNlYQ4kB6BAgHEAA\">Muralla de Sant Antoni, 30-56, 43800 Valls, Tarragona<\/a><br \/>\n<strong>Horari tarda: de 16:00 h a 18:00 h<\/strong><br \/>\n<strong>Adre\u00e7a:<\/strong> <a href=\"https:\/\/www.google.com\/search?q=Passeig+dels+Caputxins%2C+18+valls&amp;sca_esv=b3c977ca37d7e841&amp;rlz=1C1GCEA_enES1108ES1108&amp;ei=GF4paYOLOfyHhbIPk7HbsQU&amp;ved=0ahUKEwiD97_At5SRAxX8Q0EAHZPYNlYQ4dUDCBE&amp;uact=5&amp;oq=Passeig+dels+Caputxins%2C+18+valls&amp;gs_lp=Egxnd3Mtd2l6LXNlcnAiIFBhc3NlaWcgZGVscyBDYXB1dHhpbnMsIDE4IHZhbGxzMgIQJjICECYyCBAAGKIEGIkFMgUQABjvBTIIEAAYgAQYogQyBRAAGO8FSO4sUMsQWMsQcAJ4AJABAJgBc6ABywKqAQMwLjO4AQPIAQD4AQL4AQGYAgSgAu4BwgIKEAAYsAMY1gQYR5gDAIgGAZAGCJIHAzIuMqAH1A6yBwMwLjK4B90BwgcFMC4yLjLIBw8&amp;sclient=gws-wiz-serp#smwie=1\" target=\"_blank\" rel=\"noopener\">Passeig dels Caputxins, 18, 43800 Valls, Tarragona<\/a><\/p>\n<table style=\"border-style: solid; width: 101%; border-color: #999999;\" width=\"101%\">\n<tbody>\n<tr>\n<td style=\"border-style: solid; border-color: #999999;\" width=\"18%\"><strong>09:00 &#8211; 9:30<\/strong><\/td>\n<td style=\"border-style: solid; border-color: #999999;\" width=\"68%\"><strong>Recepci\u00f3<br \/>\nArribada assistents, registre i recollida de credencials.<\/strong><\/td>\n<\/tr>\n<tr>\n<td style=\"border-style: solid; border-color: #999999;\" width=\"18%\"><strong>9:30 &#8211; 10:00<\/strong><\/td>\n<td style=\"border-style: solid; border-color: #999999;\" width=\"68%\"><strong>Benvinguda<\/strong><br \/>\nAutoritats de l&#8217;Ajuntament de Valls i representants del Departament d&#8217;Educaci\u00f3 i Formaci\u00f3 Professional.<\/td>\n<\/tr>\n<tr>\n<td style=\"border-style: solid; border-color: #999999;\" width=\"18%\"><strong>10:00 &#8211; 10:30<\/strong><\/td>\n<td style=\"border-style: solid; border-color: #999999;\" width=\"68%\"><strong>Taula de di\u00e0leg:<br \/>\n<em>La figura de l&#8217;Eladi Homs Oller.<\/em><\/strong><br \/>\nXerrada a c\u00e0rrec de:<br \/>\n&#8211; <strong>Jep Mart\u00ed Baiget<\/strong>, historiador i arxiver.<br \/>\n&#8211; <strong>\u00c0ngel Gasol Se\u00f1or\u00f3n<\/strong>, historiador i docent.<\/td>\n<\/tr>\n<tr>\n<td style=\"border-style: solid; border-color: #999999;\" width=\"18%\"><strong>10:30 -11:00<\/strong><\/td>\n<td style=\"border-style: solid; border-color: #999999;\" width=\"68%\"><strong>Taula de di\u00e0leg: <\/strong><\/p>\n<p><strong>Els moviments de renovaci\u00f3 pedag\u00f2gica a Catalunya a principis del SXX.<\/strong><\/p>\n<p><strong>-N\u00faria Gavarr\u00f3 Torres, <\/strong>directora de l&#8217;escola Eladi Homs de Valls.<\/p>\n<p><strong>-Montse Montany\u00e0 Mas, <\/strong>Referent del MEAC (Moviment Educatiu de l&#8217;Alt Camp).<\/td>\n<\/tr>\n<tr>\n<td style=\"border-style: solid; border-color: #999999;\" width=\"18%\"><strong>10:45 &#8211; 11:15<\/strong><\/td>\n<td style=\"border-style: solid; border-color: #999999;\" width=\"68%\">Pausa esmorzar<\/td>\n<\/tr>\n<tr>\n<td style=\"border-style: solid; border-color: #999999;\" width=\"18%\"><strong>11:30 &#8211; 13:00<\/strong><\/td>\n<td style=\"border-style: solid; border-color: #999999;\" width=\"68%\"><strong>Taula de di\u00e0leg:<em><br \/>\nInnovar, per a qu\u00e8?<br \/>\n<\/em><\/strong>A c\u00e0rrec de:<br \/>\n<strong>&#8211; N\u00faria Vaqu\u00e9s Colom\u00e9<\/strong>, referent territorial a Tarragona del Programa de Dinamitzaci\u00f3 de Xarxes d\u2019Innovaci\u00f3 i Curr\u00edculum. (Moderadora).<br \/>\n<strong>&#8211; Maria Concepci\u00f3 Torres Sabat\u00e9, <\/strong>doctora en Pedagogia de la URV.<br \/>\n<strong>&#8211; M\u00f2nica Gandux\u00e9 Cosials<\/strong>, directora de l&#8217;Institut Escola Corbatera de Cornudella del Montsant.<br \/>\n<strong>&#8211; Francesc Mart\u00edn Mart\u00ednez, <\/strong>director de l&#8217;Escola St Jordi de Vilanova i la Geltr\u00fa.<br \/>\n<strong>&#8211; N\u00faria Sabat\u00e9 Vallverd\u00fa<\/strong>, mestra de prim\u00e0ria de l&#8217;Escola Mari\u00e0 Fortuny de Reus.<\/td>\n<\/tr>\n<tr>\n<td style=\"border-style: solid; border-color: #999999;\" width=\"18%\"><strong>13:00 &#8211; 13:30<\/strong><\/td>\n<td style=\"border-style: solid; border-color: #999999;\" width=\"68%\">Tancament de les activitats del mat\u00ed.<\/td>\n<\/tr>\n<tr>\n<td style=\"border-style: solid; border-color: #999999;\" width=\"18%\"><strong>13:30 &#8211; 16:00<\/strong><\/td>\n<td style=\"border-style: solid; border-color: #999999;\" width=\"68%\">Dinar<\/td>\n<\/tr>\n<tr>\n<td style=\"border-style: solid; border-color: #999999;\" width=\"18%\"><strong>16:00 &#8211; 16:30<\/strong><\/td>\n<td style=\"border-style: solid; border-color: #999999;\" width=\"68%\">Visita guiada a la <strong>Biblioteca Popular de Valls:<\/strong><\/p>\n<p>A c\u00e0rrec de:<br \/>\n<strong>&#8211; Jordi Par\u00eds Fortuny<\/strong> director de Museu de Valls.<br \/>\n<strong>&#8211; Pilar Vives Corbella<\/strong>, historiadora i docent jubilada.<\/td>\n<\/tr>\n<tr>\n<td style=\"border-style: solid; border-color: #999999;\" width=\"18%\"><strong>16:30 &#8211; 18:00<\/strong><\/td>\n<td style=\"border-style: solid; border-color: #999999;\" width=\"68%\">Visita guiada al <strong>Museu de Valls.<\/strong><\/p>\n<p>A c\u00e0rrec de:<br \/>\n<strong>&#8211; Jordi Par\u00eds Fortuny<\/strong> director del Museu de Valls.<\/td>\n<\/tr>\n<\/tbody>\n<\/table>\n<hr \/>\n<table style=\"width: 861px;\">\n<tbody>\n<tr>\n<td style=\"width: 287px;\"><strong>Organitza:<\/strong><\/td>\n<td style=\"width: 287px;\"><strong>Patrocina i col\u00b7labora:<\/strong><\/td>\n<td style=\"width: 287px;\"><strong>Col\u00b7laboren:<\/strong><\/td>\n<\/tr>\n<tr>\n<td style=\"width: 287px;\" width=\"189\"><img loading=\"lazy\" decoding=\"async\" class=\"\" src=\"https:\/\/pbs.twimg.com\/profile_images\/1303659992319492096\/_KjrtQMx_400x400.jpg\" alt=\"Imatge\" width=\"159\" height=\"159\" \/><img loading=\"lazy\" decoding=\"async\" class=\"alignnone wp-image-18607\" src=\"https:\/\/serveiseducatius.xtec.cat\/altcamp\/wp-content\/uploads\/usu1130\/2025\/11\/Logo-CRP-Alt-Camp.png\" alt=\"\" width=\"289\" height=\"80\" srcset=\"https:\/\/serveiseducatius.xtec.cat\/altcamp\/wp-content\/uploads\/usu1130\/2025\/11\/Logo-CRP-Alt-Camp.png 563w, https:\/\/serveiseducatius.xtec.cat\/altcamp\/wp-content\/uploads\/usu1130\/2025\/11\/Logo-CRP-Alt-Camp-300x83.png 300w\" sizes=\"auto, (max-width: 289px) 100vw, 289px\" \/><\/td>\n<td style=\"width: 287px;\" width=\"189\"><img loading=\"lazy\" decoding=\"async\" class=\"alignnone wp-image-18606\" src=\"https:\/\/serveiseducatius.xtec.cat\/altcamp\/wp-content\/uploads\/usu1130\/2025\/11\/logo-Ajuntament-regidoria-educacio.png\" alt=\"\" width=\"125\" height=\"137\" srcset=\"https:\/\/serveiseducatius.xtec.cat\/altcamp\/wp-content\/uploads\/usu1130\/2025\/11\/logo-Ajuntament-regidoria-educacio.png 629w, https:\/\/serveiseducatius.xtec.cat\/altcamp\/wp-content\/uploads\/usu1130\/2025\/11\/logo-Ajuntament-regidoria-educacio-275x300.png 275w\" sizes=\"auto, (max-width: 125px) 100vw, 125px\" \/><\/td>\n<td style=\"width: 287px;\" width=\"189\"><img loading=\"lazy\" decoding=\"async\" class=\"alignleft\" src=\"https:\/\/encrypted-tbn0.gstatic.com\/images?q=tbn:ANd9GcRwIW0OTobNKRpH9JvdX_nobc0-UQHOSPRuhw&amp;s\" alt=\"Moviment Educatiu De l'Alt Camp (@meacvalls) \u00b7 Valls\" width=\"81\" height=\"81\" \/> <img loading=\"lazy\" decoding=\"async\" class=\"\" src=\"https:\/\/agora.xtec.cat\/ceip-eladihoms-valls\/wp-content\/uploads\/usu1067\/2025\/06\/LOOGO-300-x-200-px.png\" alt=\"Escola Eladi Homs \u2013 Escola inclusiva d'educaci\u00f3 infantil i prim\u00e0ria\" width=\"125\" height=\"83\" \/><\/td>\n<\/tr>\n<\/tbody>\n<\/table>\n<p data-start=\"520\" data-end=\"645\">\n","protected":false},"excerpt":{"rendered":"<p>El dissabte 21 de febrer de 2026, a Ca Xapes, de Valls, el CRP de l\u2019Alt Camp celebrar\u00e0 una jornada dedicada a la renovaci\u00f3 i la innovaci\u00f3 pedag\u00f2gica a Catalunya: present i futur. La trobada inclour\u00e0 una aproximaci\u00f3 a la figura d\u2019Eladi Homs Oller, un dels grans referents de la renovaci\u00f3 pedag\u00f2gica al nostre pa\u00eds, [&hellip;]<\/p>\n","protected":false},"author":1,"featured_media":0,"parent":0,"menu_order":0,"comment_status":"closed","ping_status":"closed","template":"","meta":{"_bbp_topic_count":0,"_bbp_reply_count":0,"_bbp_total_topic_count":0,"_bbp_total_reply_count":0,"_bbp_voice_count":0,"_bbp_anonymous_reply_count":0,"_bbp_topic_count_hidden":0,"_bbp_reply_count_hidden":0,"_bbp_forum_subforum_count":0,"site-sidebar-layout":"default","site-content-layout":"","ast-site-content-layout":"default","site-content-style":"default","site-sidebar-style":"default","ast-global-header-display":"","ast-banner-title-visibility":"","ast-main-header-display":"","ast-hfb-above-header-display":"","ast-hfb-below-header-display":"","ast-hfb-mobile-header-display":"","site-post-title":"","ast-breadcrumbs-content":"","ast-featured-img":"","footer-sml-layout":"","theme-transparent-header-meta":"default","adv-header-id-meta":"","stick-header-meta":"","header-above-stick-meta":"","header-main-stick-meta":"","header-below-stick-meta":"","astra-migrate-meta-layouts":"set","ast-page-background-enabled":"default","ast-page-background-meta":{"desktop":{"background-color":"var(--ast-global-color-4)","background-image":"","background-repeat":"repeat","background-position":"center center","background-size":"auto","background-attachment":"scroll","background-type":"","background-media":"","overlay-type":"","overlay-color":"","overlay-opacity":"","overlay-gradient":""},"tablet":{"background-color":"","background-image":"","background-repeat":"repeat","background-position":"center center","background-size":"auto","background-attachment":"scroll","background-type":"","background-media":"","overlay-type":"","overlay-color":"","overlay-opacity":"","overlay-gradient":""},"mobile":{"background-color":"","background-image":"","background-repeat":"repeat","background-position":"center center","background-size":"auto","background-attachment":"scroll","background-type":"","background-media":"","overlay-type":"","overlay-color":"","overlay-opacity":"","overlay-gradient":""}},"ast-content-background-meta":{"desktop":{"background-color":"var(--ast-global-color-5)","background-image":"","background-repeat":"repeat","background-position":"center center","background-size":"auto","background-attachment":"scroll","background-type":"","background-media":"","overlay-type":"","overlay-color":"","overlay-opacity":"","overlay-gradient":""},"tablet":{"background-color":"var(--ast-global-color-5)","background-image":"","background-repeat":"repeat","background-position":"center center","background-size":"auto","background-attachment":"scroll","background-type":"","background-media":"","overlay-type":"","overlay-color":"","overlay-opacity":"","overlay-gradient":""},"mobile":{"background-color":"var(--ast-global-color-5)","background-image":"","background-repeat":"repeat","background-position":"center center","background-size":"auto","background-attachment":"scroll","background-type":"","background-media":"","overlay-type":"","overlay-color":"","overlay-opacity":"","overlay-gradient":""}},"footnotes":""},"class_list":["post-18474","page","type-page","status-publish","hentry"],"post_mailing_queue_ids":[],"_links":{"self":[{"href":"https:\/\/serveiseducatius.xtec.cat\/altcamp\/wp-json\/wp\/v2\/pages\/18474","targetHints":{"allow":["GET"]}}],"collection":[{"href":"https:\/\/serveiseducatius.xtec.cat\/altcamp\/wp-json\/wp\/v2\/pages"}],"about":[{"href":"https:\/\/serveiseducatius.xtec.cat\/altcamp\/wp-json\/wp\/v2\/types\/page"}],"author":[{"embeddable":true,"href":"https:\/\/serveiseducatius.xtec.cat\/altcamp\/wp-json\/wp\/v2\/users\/1"}],"replies":[{"embeddable":true,"href":"https:\/\/serveiseducatius.xtec.cat\/altcamp\/wp-json\/wp\/v2\/comments?post=18474"}],"version-history":[{"count":7,"href":"https:\/\/serveiseducatius.xtec.cat\/altcamp\/wp-json\/wp\/v2\/pages\/18474\/revisions"}],"predecessor-version":[{"id":18979,"href":"https:\/\/serveiseducatius.xtec.cat\/altcamp\/wp-json\/wp\/v2\/pages\/18474\/revisions\/18979"}],"wp:attachment":[{"href":"https:\/\/serveiseducatius.xtec.cat\/altcamp\/wp-json\/wp\/v2\/media?parent=18474"}],"curies":[{"name":"wp","href":"https:\/\/api.w.org\/{rel}","templated":true}]}}