{"id":13486,"date":"2023-02-21T08:43:26","date_gmt":"2023-02-21T07:43:26","guid":{"rendered":"https:\/\/serveiseducatius.xtec.cat\/altcamp\/?page_id=13486"},"modified":"2026-04-08T08:15:51","modified_gmt":"2026-04-08T06:15:51","slug":"equip-i-horari","status":"publish","type":"page","link":"https:\/\/serveiseducatius.xtec.cat\/altcamp\/crp\/equip-i-horari\/","title":{"rendered":"Equip"},"content":{"rendered":"<h5 class=\"wp-block-heading\"><strong>Qu\u00e8 \u00e9s el CRP?<\/strong><\/h5>\n<p>Els Centres de Recursos Pedag\u00f2gics (CRP) s\u00f3n equips de dinamitzaci\u00f3 i assessorament dels professionals i centres educatius per a la millora i transformaci\u00f3 educativa.<\/p>\n<header class=\"entry-header\">\n<h5><strong>Funcions del CRP<\/strong><\/h5>\n<\/header>\n<div class=\"entry-content\">\n<div>\n<ul>\n<li>El disseny, la planificaci\u00f3 i la implementaci\u00f3 de la pr\u00e0ctica assessora al centre acompanyant-lo en els processos de transformaci\u00f3 i millora educativa. La direcci\u00f3 del CRP ha de vetllar perqu\u00e8 es compleixi aquesta prioritzaci\u00f3. Aix\u00ed mateix, s\u2019ha de preveure una franja hor\u00e0ria espec\u00edfica i reservada de treball pedag\u00f2gic en equip.<\/li>\n<li>La detecci\u00f3, recull i difusi\u00f3 de pr\u00e0ctiques educatives de refer\u00e8ncia del professorat de la zona aix\u00ed com projectes innovadors de centres.<\/li>\n<li>El suport a les xarxes educatives de la zona vetllant per l\u2019equitat i la inclusi\u00f3.<\/li>\n<li>El suport i acompanyament al professorat i als centres en l\u2019\u00fas educatiu de les tecnologies digitals, amb l\u2019objectiu de garantir l\u2019aprenentatge en l\u00ednia de l\u2019alumnat.<\/li>\n<\/ul>\n<\/div>\n<\/div>\n<h5 class=\"wp-block-heading\"><strong>Equip del CRP de l&#8217;Alt Camp<\/strong><\/h5>\n<figure class=\"wp-block-table \/* Estil b\u00e0sic de la taula *\/ table { width: 100%; border-collapse: collapse; font-family: Arial, sans-serif; margin: 20px 0; box-shadow: 0 2px 8px rgba(0, 0, 0.1); } les cap\u00e7aleres th background-color: #5D3A9B; Lila fosc color: white; padding: 10px; text-align: left; font-weight: bold; cel\u00b7les td border-bottom: 1px solid #ddd; Canvi color per a files parells una millor llegibilitat tr:nth-child(even) #f9f9f9; al passar el ratol\u00ed sobre tr:hover #e0d7f3; Afegir un petit espai als costats margin-left: auto; margin-right: border-radius: 8px; overflow: hidden;\">\n<table class=\"has-white-background-color has-background\" style=\"width: 98.0084%;\">\n<tbody>\n<tr>\n<td style=\"width: 14.5276%;\">\n<h5><strong>Membres de l\u2019Equip\u00a0<\/strong><\/h5>\n<\/td>\n<td style=\"width: 18.8494%;\">\n<h5><strong>Centres de Refer\u00e8ncia<\/strong><\/h5>\n<\/td>\n<td style=\"width: 65.3141%;\">\n<h5><strong>Referent dels seg\u00fcents \u00e0mbits<\/strong><\/h5>\n<\/td>\n<\/tr>\n<tr>\n<td style=\"width: 14.5276%;\"><strong>Sheila Sampietro<\/strong><br \/>\nDirecci\u00f3<\/td>\n<td style=\"width: 18.8494%;\">Escoles de prim\u00e0ria de Valls<\/p>\n<p>CREI Guaret<\/td>\n<td style=\"width: 65.3141%;\">Coordinadora del Servei Educatiu de l&#8217;Alt Camp,<br \/>\nXaTME, Seminari de Direccions, Comunitats d\u2019aprenentatge, SEI, Comissi\u00f3 PFZ, Xarxes socials i Nodes, PEE, assessorament de recursos, assessorament en centre, Programa cultura i arts en educaci\u00f3, coordinaci\u00f3 prim\u00e0ria-secund\u00e0ria, SVB, suport F\u00f2rum TRICS, Projecte pilot amb l\u2019Escola d\u2019Art i Cultura (EAC) de Valls.<\/td>\n<\/tr>\n<tr>\n<td style=\"width: 14.5276%;\"><strong>Aida Puig<\/strong><\/td>\n<td style=\"width: 18.8494%;\">Centres comarca<\/p>\n<p>ZERs<\/td>\n<td style=\"width: 65.3141%;\">XdC, Seminari Cap d\u2019estudis, S. COCOBE, Certamen de Lectura en veu alta, Jocs Florals, Maleta del dol, C\u00fapula Leonardome, PFZ, Xarxes socials i Nodes, Llibres pedag\u00f2gis, Programa d\u2019innovaci\u00f3 centres referents en educaci\u00f3 inclusiva, assessorament de recursos, assessorament en centre, coordinaci\u00f3 prim\u00e0ria-secund\u00e0ria, suport F\u00f2rum TRICS, Biblioteques escolars, Jornada Innovaci\u00f3 i Renovaci\u00f3 Pedag\u00f2gica \u201cEladi Homs\u201d, Biblioteques escolars, Seminari de m\u00fasica.<\/td>\n<\/tr>\n<tr>\n<td style=\"width: 14.5276%;\"><strong>Imma Batalla<\/strong><\/td>\n<td style=\"width: 18.8494%;\">Instituts<\/p>\n<p>Centres concertats<\/p>\n<p>CFA<\/p>\n<p>EOI<\/td>\n<td style=\"width: 65.3141%;\">Escoles Verdes, Servei Comunitari, Vilaniuada, Xarxa de Compet\u00e8ncia Lectora, Cultura digital, PFZ, Seminari de secret\u00e0ries, Apropa&#8217;t, Proves cangur, STEAMcat, CCBB PRI, CCBB SEC, Xarxes socials i Nodes, F\u00f2rum TRICS, Pr\u00e9stec, Assessorament de recursos,\u00a0 Biblioteques escolars.<\/td>\n<\/tr>\n<\/tbody>\n<\/table>\n<\/figure>\n<figure class=\"wp-block-table\">\n<table>\n<tbody>\n<tr>\n<td>Educadora Social adscrita al CRP: (Programa Reconnect-ES)<\/td>\n<\/tr>\n<tr>\n<td>N\u00faria Soler<\/td>\n<\/tr>\n<\/tbody>\n<\/table>\n<\/figure>\n<p>&nbsp;<\/p>\n<div class=\"entry-content\">\n<h5><strong>Contacte<\/strong><\/h5>\n<p>\ud83d\udcdetel\u00e8fon: 977609470 &#8211; Extensi\u00f3 1<br \/>\n\ud83d\udce7 e-mail: e3990101@xtec.cat<\/p>\n<\/div>\n<h5 class=\"wp-block-heading\"><strong>FAQs<\/strong><\/h5>\n<p><strong>Qui pot fer la demanda?<\/strong><\/p>\n<p>Els centres, mitjan\u00e7ant els seus equips de direcci\u00f3; els col\u00b7lectius de docents, d\u2019especialitat, de nivell, d\u2019interessos, etc.;<br \/>\nels docents directament i qualsevol entitat vinculada a l\u2019educaci\u00f3.<\/p>\n","protected":false},"excerpt":{"rendered":"<p>Qu\u00e8 \u00e9s el CRP? Els Centres de Recursos Pedag\u00f2gics (CRP) s\u00f3n equips de dinamitzaci\u00f3 i assessorament dels professionals i centres educatius per a la millora i transformaci\u00f3 educativa. Funcions del CRP El disseny, la planificaci\u00f3 i la implementaci\u00f3 de la pr\u00e0ctica assessora al centre acompanyant-lo en els processos de transformaci\u00f3 i millora educativa. La direcci\u00f3 [&hellip;]<\/p>\n","protected":false},"author":4,"featured_media":0,"parent":8195,"menu_order":0,"comment_status":"closed","ping_status":"closed","template":"","meta":{"_bbp_topic_count":0,"_bbp_reply_count":0,"_bbp_total_topic_count":0,"_bbp_total_reply_count":0,"_bbp_voice_count":0,"_bbp_anonymous_reply_count":0,"_bbp_topic_count_hidden":0,"_bbp_reply_count_hidden":0,"_bbp_forum_subforum_count":0,"site-sidebar-layout":"default","site-content-layout":"","ast-site-content-layout":"default","site-content-style":"default","site-sidebar-style":"default","ast-global-header-display":"","ast-banner-title-visibility":"","ast-main-header-display":"","ast-hfb-above-header-display":"","ast-hfb-below-header-display":"","ast-hfb-mobile-header-display":"","site-post-title":"","ast-breadcrumbs-content":"","ast-featured-img":"","footer-sml-layout":"","theme-transparent-header-meta":"default","adv-header-id-meta":"","stick-header-meta":"","header-above-stick-meta":"","header-main-stick-meta":"","header-below-stick-meta":"","astra-migrate-meta-layouts":"set","ast-page-background-enabled":"default","ast-page-background-meta":{"desktop":{"background-color":"var(--ast-global-color-4)","background-image":"","background-repeat":"repeat","background-position":"center center","background-size":"auto","background-attachment":"scroll","background-type":"","background-media":"","overlay-type":"","overlay-color":"","overlay-opacity":"","overlay-gradient":""},"tablet":{"background-color":"","background-image":"","background-repeat":"repeat","background-position":"center center","background-size":"auto","background-attachment":"scroll","background-type":"","background-media":"","overlay-type":"","overlay-color":"","overlay-opacity":"","overlay-gradient":""},"mobile":{"background-color":"","background-image":"","background-repeat":"repeat","background-position":"center center","background-size":"auto","background-attachment":"scroll","background-type":"","background-media":"","overlay-type":"","overlay-color":"","overlay-opacity":"","overlay-gradient":""}},"ast-content-background-meta":{"desktop":{"background-color":"var(--ast-global-color-5)","background-image":"","background-repeat":"repeat","background-position":"center center","background-size":"auto","background-attachment":"scroll","background-type":"","background-media":"","overlay-type":"","overlay-color":"","overlay-opacity":"","overlay-gradient":""},"tablet":{"background-color":"var(--ast-global-color-5)","background-image":"","background-repeat":"repeat","background-position":"center center","background-size":"auto","background-attachment":"scroll","background-type":"","background-media":"","overlay-type":"","overlay-color":"","overlay-opacity":"","overlay-gradient":""},"mobile":{"background-color":"var(--ast-global-color-5)","background-image":"","background-repeat":"repeat","background-position":"center center","background-size":"auto","background-attachment":"scroll","background-type":"","background-media":"","overlay-type":"","overlay-color":"","overlay-opacity":"","overlay-gradient":""}},"footnotes":""},"class_list":["post-13486","page","type-page","status-publish","hentry"],"post_mailing_queue_ids":[],"_links":{"self":[{"href":"https:\/\/serveiseducatius.xtec.cat\/altcamp\/wp-json\/wp\/v2\/pages\/13486","targetHints":{"allow":["GET"]}}],"collection":[{"href":"https:\/\/serveiseducatius.xtec.cat\/altcamp\/wp-json\/wp\/v2\/pages"}],"about":[{"href":"https:\/\/serveiseducatius.xtec.cat\/altcamp\/wp-json\/wp\/v2\/types\/page"}],"author":[{"embeddable":true,"href":"https:\/\/serveiseducatius.xtec.cat\/altcamp\/wp-json\/wp\/v2\/users\/4"}],"replies":[{"embeddable":true,"href":"https:\/\/serveiseducatius.xtec.cat\/altcamp\/wp-json\/wp\/v2\/comments?post=13486"}],"version-history":[{"count":7,"href":"https:\/\/serveiseducatius.xtec.cat\/altcamp\/wp-json\/wp\/v2\/pages\/13486\/revisions"}],"predecessor-version":[{"id":19123,"href":"https:\/\/serveiseducatius.xtec.cat\/altcamp\/wp-json\/wp\/v2\/pages\/13486\/revisions\/19123"}],"up":[{"embeddable":true,"href":"https:\/\/serveiseducatius.xtec.cat\/altcamp\/wp-json\/wp\/v2\/pages\/8195"}],"wp:attachment":[{"href":"https:\/\/serveiseducatius.xtec.cat\/altcamp\/wp-json\/wp\/v2\/media?parent=13486"}],"curies":[{"name":"wp","href":"https:\/\/api.w.org\/{rel}","templated":true}]}}