{"id":1314,"date":"2016-03-15T10:23:40","date_gmt":"2016-03-15T09:23:40","guid":{"rendered":"http:\/\/serveiseducatius.xtec.cat\/altcamp\/?page_id=1314"},"modified":"2016-03-15T10:24:07","modified_gmt":"2016-03-15T09:24:07","slug":"calendari-pfz","status":"publish","type":"page","link":"https:\/\/serveiseducatius.xtec.cat\/altcamp\/formacio\/calendari-pfz\/","title":{"rendered":"Calendari PFZ"},"content":{"rendered":"<p>&nbsp;<\/p>\n<h4>Calendari<\/h4>\n<table class=\"table\">\n<tbody>\n<tr>\n<td><b>Proc\u00e9s<\/b><\/td>\n<td><b>Inici<\/b><\/td>\n<td><b>Fi<\/b><\/td>\n<\/tr>\n<tr>\n<td>Detecci\u00f3 de necessitats<\/td>\n<td>27-04-15<\/td>\n<td>15-05-15<\/td>\n<\/tr>\n<tr>\n<td>Vist-i-plau de la Inspecci\u00f3\u00a0a les activitats demanades en la modalitat de <i>Formaci\u00f3 a centre<\/i><\/td>\n<td>18-05-15<\/td>\n<td>28-05-15<\/td>\n<\/tr>\n<tr>\n<td>Comissi\u00f3 PFZ de XXXXXXX:\u00a0Valoraci\u00f3 i aprovaci\u00f3\u00a0de les demandes rebudes.<\/td>\n<td>29-05-15<\/td>\n<td><\/td>\n<\/tr>\n<tr>\n<td>Aprovaci\u00f3\u00a0de la proposta global pel Comit\u00e8 de Formaci\u00f3 del Departament<\/td>\n<td>27-06-15<\/td>\n<td>27-06-15<\/td>\n<\/tr>\n<tr>\n<td>Publicaci\u00f3\u00a0de les activitats aprovades<\/td>\n<td>11-07-15<\/td>\n<td><\/td>\n<\/tr>\n<tr>\n<td>Inscripci\u00f3\u00a0del professorat a les activitats<\/td>\n<td>10-09-15<\/td>\n<td>27-09-15<\/td>\n<\/tr>\n<\/tbody>\n<\/table>\n<p><strong>Inscripcions<\/strong><\/p>\n<table class=\"table\">\n<tbody>\n<tr>\n<td><strong>Per\u00edodes d&#8217;inscripci\u00f3<\/strong><\/td>\n<td><strong>Sol\u00b7licitud de pla\u00e7a<\/strong><\/td>\n<td><strong>Consulta d\u2019adjudicacions<\/strong><\/td>\n<td><strong>Inici de les activitats<\/strong><\/td>\n<\/tr>\n<tr>\n<td>Primer torn<\/td>\n<td>del 10 al 27 de setembre<\/td>\n<td>9 d\u2019octubre<\/td>\n<td>a partir del 15 d&#8217;octubre<\/td>\n<\/tr>\n<tr>\n<td>Segon torn<\/td>\n<td>del 8 al 18 de gener<\/td>\n<td>28 de gener<\/td>\n<td>a partir de l&#8217;1 de febrer<\/td>\n<\/tr>\n<tr>\n<td>Formaci\u00f3 d&#8217;estiu<\/td>\n<td>del 12 al 27 de maig<\/td>\n<td>20 de juny<\/td>\n<td>a partir de l&#8217;1 de juliol<\/td>\n<\/tr>\n<\/tbody>\n<\/table>\n<h4><\/h4>\n","protected":false},"excerpt":{"rendered":"<p>&nbsp; Calendari Proc\u00e9s Inici Fi Detecci\u00f3 de necessitats 27-04-15 15-05-15 Vist-i-plau de la Inspecci\u00f3\u00a0a les activitats demanades en la modalitat de Formaci\u00f3 a centre 18-05-15 28-05-15 Comissi\u00f3 PFZ de XXXXXXX:\u00a0Valoraci\u00f3 i aprovaci\u00f3\u00a0de les demandes rebudes. 29-05-15 Aprovaci\u00f3\u00a0de la proposta global pel Comit\u00e8 de Formaci\u00f3 del Departament 27-06-15 27-06-15 Publicaci\u00f3\u00a0de les activitats aprovades 11-07-15 Inscripci\u00f3\u00a0del professorat [&hellip;]<\/p>\n","protected":false},"author":1,"featured_media":0,"parent":416,"menu_order":0,"comment_status":"closed","ping_status":"closed","template":"","meta":{"_bbp_topic_count":0,"_bbp_reply_count":0,"_bbp_total_topic_count":0,"_bbp_total_reply_count":0,"_bbp_voice_count":0,"_bbp_anonymous_reply_count":0,"_bbp_topic_count_hidden":0,"_bbp_reply_count_hidden":0,"_bbp_forum_subforum_count":0,"site-sidebar-layout":"default","site-content-layout":"","ast-site-content-layout":"","site-content-style":"default","site-sidebar-style":"default","ast-global-header-display":"","ast-banner-title-visibility":"","ast-main-header-display":"","ast-hfb-above-header-display":"","ast-hfb-below-header-display":"","ast-hfb-mobile-header-display":"","site-post-title":"","ast-breadcrumbs-content":"","ast-featured-img":"","footer-sml-layout":"","theme-transparent-header-meta":"","adv-header-id-meta":"","stick-header-meta":"","header-above-stick-meta":"","header-main-stick-meta":"","header-below-stick-meta":"","astra-migrate-meta-layouts":"default","ast-page-background-enabled":"default","ast-page-background-meta":{"desktop":{"background-color":"var(--ast-global-color-4)","background-image":"","background-repeat":"repeat","background-position":"center center","background-size":"auto","background-attachment":"scroll","background-type":"","background-media":"","overlay-type":"","overlay-color":"","overlay-opacity":"","overlay-gradient":""},"tablet":{"background-color":"","background-image":"","background-repeat":"repeat","background-position":"center center","background-size":"auto","background-attachment":"scroll","background-type":"","background-media":"","overlay-type":"","overlay-color":"","overlay-opacity":"","overlay-gradient":""},"mobile":{"background-color":"","background-image":"","background-repeat":"repeat","background-position":"center center","background-size":"auto","background-attachment":"scroll","background-type":"","background-media":"","overlay-type":"","overlay-color":"","overlay-opacity":"","overlay-gradient":""}},"ast-content-background-meta":{"desktop":{"background-color":"var(--ast-global-color-5)","background-image":"","background-repeat":"repeat","background-position":"center center","background-size":"auto","background-attachment":"scroll","background-type":"","background-media":"","overlay-type":"","overlay-color":"","overlay-opacity":"","overlay-gradient":""},"tablet":{"background-color":"var(--ast-global-color-5)","background-image":"","background-repeat":"repeat","background-position":"center center","background-size":"auto","background-attachment":"scroll","background-type":"","background-media":"","overlay-type":"","overlay-color":"","overlay-opacity":"","overlay-gradient":""},"mobile":{"background-color":"var(--ast-global-color-5)","background-image":"","background-repeat":"repeat","background-position":"center center","background-size":"auto","background-attachment":"scroll","background-type":"","background-media":"","overlay-type":"","overlay-color":"","overlay-opacity":"","overlay-gradient":""}},"footnotes":""},"class_list":["post-1314","page","type-page","status-publish","hentry"],"post_mailing_queue_ids":[],"_links":{"self":[{"href":"https:\/\/serveiseducatius.xtec.cat\/altcamp\/wp-json\/wp\/v2\/pages\/1314","targetHints":{"allow":["GET"]}}],"collection":[{"href":"https:\/\/serveiseducatius.xtec.cat\/altcamp\/wp-json\/wp\/v2\/pages"}],"about":[{"href":"https:\/\/serveiseducatius.xtec.cat\/altcamp\/wp-json\/wp\/v2\/types\/page"}],"author":[{"embeddable":true,"href":"https:\/\/serveiseducatius.xtec.cat\/altcamp\/wp-json\/wp\/v2\/users\/1"}],"replies":[{"embeddable":true,"href":"https:\/\/serveiseducatius.xtec.cat\/altcamp\/wp-json\/wp\/v2\/comments?post=1314"}],"version-history":[{"count":1,"href":"https:\/\/serveiseducatius.xtec.cat\/altcamp\/wp-json\/wp\/v2\/pages\/1314\/revisions"}],"predecessor-version":[{"id":1315,"href":"https:\/\/serveiseducatius.xtec.cat\/altcamp\/wp-json\/wp\/v2\/pages\/1314\/revisions\/1315"}],"up":[{"embeddable":true,"href":"https:\/\/serveiseducatius.xtec.cat\/altcamp\/wp-json\/wp\/v2\/pages\/416"}],"wp:attachment":[{"href":"https:\/\/serveiseducatius.xtec.cat\/altcamp\/wp-json\/wp\/v2\/media?parent=1314"}],"curies":[{"name":"wp","href":"https:\/\/api.w.org\/{rel}","templated":true}]}}

<p>&nbsp;</p>
<h4>Calendari</h4>
<table class="table">
<tbody>
<tr>
<td><b>Procés</b></td>
<td><b>Inici</b></td>
<td><b>Fi</b></td>
</tr>
<tr>
<td>Detecció de necessitats</td>
<td>27-04-15</td>
<td>15-05-15</td>
</tr>
<tr>
<td>Vist-i-plau de la Inspecció a les activitats demanades en la modalitat de <i>Formació a centre</i></td>
<td>18-05-15</td>
<td>28-05-15</td>
</tr>
<tr>
<td>Comissió PFZ de XXXXXXX: Valoració i aprovació de les demandes rebudes.</td>
<td>29-05-15</td>
<td></td>
</tr>
<tr>
<td>Aprovació de la proposta global pel Comitè de Formació del Departament</td>
<td>27-06-15</td>
<td>27-06-15</td>
</tr>
<tr>
<td>Publicació de les activitats aprovades</td>
<td>11-07-15</td>
<td></td>
</tr>
<tr>
<td>Inscripció del professorat a les activitats</td>
<td>10-09-15</td>
<td>27-09-15</td>
</tr>
</tbody>
</table>
<p><strong>Inscripcions</strong></p>
<table class="table">
<tbody>
<tr>
<td><strong>Períodes d&#8217;inscripció</strong></td>
<td><strong>Sol·licitud de plaça</strong></td>
<td><strong>Consulta d’adjudicacions</strong></td>
<td><strong>Inici de les activitats</strong></td>
</tr>
<tr>
<td>Primer torn</td>
<td>del 10 al 27 de setembre</td>
<td>9 d’octubre</td>
<td>a partir del 15 d&#8217;octubre</td>
</tr>
<tr>
<td>Segon torn</td>
<td>del 8 al 18 de gener</td>
<td>28 de gener</td>
<td>a partir de l&#8217;1 de febrer</td>
</tr>
<tr>
<td>Formació d&#8217;estiu</td>
<td>del 12 al 27 de maig</td>
<td>20 de juny</td>
<td>a partir de l&#8217;1 de juliol</td>
</tr>
</tbody>
</table>
<h4></h4>

<p>&nbsp; Calendari Procés Inici Fi Detecció de necessitats 27-04-15 15-05-15 Vist-i-plau de la Inspecció a les activitats demanades en la modalitat de Formació a centre 18-05-15 28-05-15 Comissió PFZ de XXXXXXX: Valoració i aprovació de les demandes rebudes. 29-05-15 Aprovació de la proposta global pel Comitè de Formació del Departament 27-06-15 27-06-15 Publicació de les activitats aprovades 11-07-15 Inscripció del professorat [&hellip;]</p>
