{"id":426,"date":"2015-11-25T16:25:57","date_gmt":"2015-11-25T15:25:57","guid":{"rendered":"http:\/\/serveiseducatius.xtec.cat\/altaribagorca\/?page_id=426"},"modified":"2021-04-26T15:48:08","modified_gmt":"2021-04-26T13:48:08","slug":"deteccio-necessitats","status":"publish","type":"page","link":"https:\/\/serveiseducatius.xtec.cat\/altaribagorca\/formacio\/deteccio-necessitats\/","title":{"rendered":"Detecci\u00f3 de necessitats"},"content":{"rendered":"<p>La detecci\u00f3 de necessitats es far\u00e0 del 16 d&#8217;Abril\u00a0 al\u00a0 5 de Maig de 2021<\/p>\n<p>Ompliu el <a href=\"https:\/\/docs.google.com\/forms\/d\/1yjz-wdhAB5AF9_2duoh6w0iKzFXH5uBjPJYSgd-U4JM\/edit\">formulari\u00a0<\/a><\/p>\n<p>Podeu consultar les <strong>modalitats i formats de formaci\u00f3<\/strong>\u00a0en el seg\u00fcent\u00a0<a href=\"https:\/\/drive.google.com\/file\/d\/1AvZ9BzgqO3sQWFAZGmyjv-eqH5vNJpC4\/view\">enlla\u00e7<\/a>.<\/p>\n","protected":false},"excerpt":{"rendered":"<p>La detecci\u00f3 de necessitats es far\u00e0 del 16 d&#8217;Abril\u00a0 al\u00a0 5 de Maig de 2021<br \/>\nOmpliu el <a href=\"https:\/\/docs.google.com\/forms\/d\/1yjz-wdhAB5AF9_2duoh6w0iKzFXH5uBjPJYSgd-U4JM\/edit\">formulari\u00a0<\/a><br \/>\nPodeu consultar les modalitats i formats de formaci\u00f3\u00a0en el seg\u00fcent\u00a0<a href=\"https:\/\/drive.google.com\/file\/d\/1AvZ9BzgqO3sQWFAZGmyjv-eqH5vNJpC4\/view\">enlla\u00e7<\/a>.<\/p>\n","protected":false},"author":1,"featured_media":0,"parent":416,"menu_order":70,"comment_status":"closed","ping_status":"closed","template":"page-templates\/side-menu.php","meta":{"_bbp_topic_count":0,"_bbp_reply_count":0,"_bbp_total_topic_count":0,"_bbp_total_reply_count":0,"_bbp_voice_count":0,"_bbp_anonymous_reply_count":0,"_bbp_topic_count_hidden":0,"_bbp_reply_count_hidden":0,"_bbp_forum_subforum_count":0,"footnotes":""},"class_list":["post-426","page","type-page","status-publish","hentry"],"post_mailing_queue_ids":[],"_links":{"self":[{"href":"https:\/\/serveiseducatius.xtec.cat\/altaribagorca\/wp-json\/wp\/v2\/pages\/426","targetHints":{"allow":["GET"]}}],"collection":[{"href":"https:\/\/serveiseducatius.xtec.cat\/altaribagorca\/wp-json\/wp\/v2\/pages"}],"about":[{"href":"https:\/\/serveiseducatius.xtec.cat\/altaribagorca\/wp-json\/wp\/v2\/types\/page"}],"author":[{"embeddable":true,"href":"https:\/\/serveiseducatius.xtec.cat\/altaribagorca\/wp-json\/wp\/v2\/users\/1"}],"replies":[{"embeddable":true,"href":"https:\/\/serveiseducatius.xtec.cat\/altaribagorca\/wp-json\/wp\/v2\/comments?post=426"}],"version-history":[{"count":3,"href":"https:\/\/serveiseducatius.xtec.cat\/altaribagorca\/wp-json\/wp\/v2\/pages\/426\/revisions"}],"predecessor-version":[{"id":9127,"href":"https:\/\/serveiseducatius.xtec.cat\/altaribagorca\/wp-json\/wp\/v2\/pages\/426\/revisions\/9127"}],"up":[{"embeddable":true,"href":"https:\/\/serveiseducatius.xtec.cat\/altaribagorca\/wp-json\/wp\/v2\/pages\/416"}],"wp:attachment":[{"href":"https:\/\/serveiseducatius.xtec.cat\/altaribagorca\/wp-json\/wp\/v2\/media?parent=426"}],"curies":[{"name":"wp","href":"https:\/\/api.w.org\/{rel}","templated":true}]}}